{"id":2232,"date":"2024-02-26T10:53:44","date_gmt":"2024-02-26T13:53:44","guid":{"rendered":"https:\/\/virtual.unne.edu.ar\/SIED-UV\/?post_type=cursos&#038;p=2232"},"modified":"2025-11-17T13:05:04","modified_gmt":"2025-11-17T16:05:04","slug":"curso-de-gestion-de-redes-sociales","status":"publish","type":"cursos","link":"https:\/\/virtual.unne.edu.ar\/SIED-UV\/cursos\/curso-de-gestion-de-redes-sociales\/","title":{"rendered":"Curso de Gesti\u00f3n de Redes Sociales"},"content":{"rendered":"\n<div class=\"wp-block-sied-items itemNumerado\"><div class=\"row\"><div class=\"col-1\"><div class=\"itemNumero\">1<\/div><\/div><div class=\"col-11\"><h2>INGRESAR a nuestra plataforma mediante el siguiente bot\u00f3n <\/h2><p><\/p><\/div><\/div><\/div>\n\n\n\n<div class=\"wp-block-buttons is-horizontal is-content-justification-center is-layout-flex wp-container-1 wp-block-buttons-is-layout-flex\">\n<div class=\"wp-block-button\"><a class=\"wp-block-button__link has-text-color has-background wp-element-button\" href=\"https:\/\/virtual-mooc.unne.edu.ar\/course\/view.php?id=3176\" style=\"color:#f3f7f7;background-color:#066d75\">QUIERO HACER ESTE CURSO <\/a><\/div>\n<\/div>\n\n\n\n<p><\/p>\n\n\n\n<figure class=\"wp-block-table\"><table><tbody><tr><td>si ya posee <strong>usuario<\/strong>, ingrese a la <strong>plataforma<\/strong> <strong>MOOC<\/strong> con su mismo usuario y clave de siempre, a trav\u00e9s de logo de MOOC ubicado en la parte superior derecha del sitio.<\/td><td>Si no posee usuario, deber\u00e1 crearse una cuenta a trav\u00e9s del bot\u00f3n <strong>&#8220;Crear nueva cuenta&#8221;<\/strong> del formulario que aparecer\u00e1 haciendo clic sobre el logo de MOOC, ubicado en la parte superior derecha del sitio.<\/td><\/tr><\/tbody><\/table><\/figure>\n\n\n\n<p><\/p>\n\n\n\n<div class=\"wp-block-sied-items itemNumerado\"><div class=\"row\"><div class=\"col-1\"><div class=\"itemNumero\">2<\/div><\/div><div class=\"col-11\"><h2>Ingrese el c\u00f3digo de acceso<\/h2><p><\/p><\/div><\/div><\/div>\n\n\n\n<p>\ufeff<\/p>\n\n\n\n<p class=\"has-verde-056168-color has-text-color has-medium-font-size\"><strong><strong>Destinatarios<\/strong><\/strong>: <\/p>\n\n\n\n<p>Este curso est\u00e1 dirigido a emprendedores\/as, estudiantes y cualquier persona<br>interesada en desarrollar habilidades de gesti\u00f3n de comunidades en l\u00ednea.<\/p>\n\n\n\n<p class=\"has-negro-color has-text-color has-medium-font-size\"><\/p>\n\n\n\n<h2 class=\"wp-block-heading has-text-color\" style=\"color:#066d75\"><strong>Fundamentaci\u00f3n<\/strong><\/h2>\n\n\n\n<p>La importancia creciente de las redes sociales y la comunicaci\u00f3n en l\u00ednea en el mundo es una ventana atractiva para empresas e instituciones. Seg\u00fan el informe correspondientes a enero de 2023, el n\u00famero total de usuarios de plataformas sociales en el planeta es superior a 4.760 millones de personas. Esto representa el 59,4% de la poblaci\u00f3n mundial total.<br>Por tal motivo, los medios sociales o m\u00e1s conocidos por su nombre en ingl\u00e9s, social media, llaman la atenci\u00f3n del \u00e1mbito empresarial e institucional. Representan una oportunidad incomparable de llegada al p\u00fablico. En este contexto, la necesidad de profesionales capacitados para gestionar eficazmente la presencia en l\u00ednea de una marca o empresa es fundamental.<br>A medida que las redes sociales se han convertido en una parte integral de la vida cotidiana de las personas, tambi\u00e9n se han convertido en un canal clave para las empresas y organizaciones para interactuar con sus clientes, promocionar sus productos y servicios, y construir una reputaci\u00f3n en l\u00ednea s\u00f3lida.<br>El rol del Community Manager es crucial en este escenario, ya que es el encargado de administrar y desarrollar la presencia en l\u00ednea de una marca o empresa en las redes sociales. Su funci\u00f3n implica la creaci\u00f3n y gesti\u00f3n de perfiles en diferentes plataformas sociales, la creaci\u00f3n de contenido relevante y atractivo, la moderaci\u00f3n de comentarios y la interacci\u00f3n con los seguidores y clientes.<br>Esta propuesta de capacitaci\u00f3n es un primer acercamiento para la gesti\u00f3n de redes sociales. Tiene como prop\u00f3sito proporcionar a los participantes las habilidades y conocimientos necesarios para llevar a cabo estas tareas de manera efectiva.<br>Algunos de los temas clave que se abordan en el curso incluyen: estrategia de redes sociales, creaci\u00f3n de contenido, gesti\u00f3n de comunidades, an\u00e1lisis de m\u00e9tricas y gesti\u00f3n de crisis.<br>Este curso de gesti\u00f3n de redes sociales proporciona las habilidades necesarias para gestionar eficazmente la presencia en l\u00ednea de una marca o empresa en las redes sociales. Al adquirir conocimientos b\u00e1sicos en estrategia, creaci\u00f3n de contenido gesti\u00f3n de comunidades, an\u00e1lisis y gesti\u00f3n de crisis, los participantes estar\u00e1n preparados para enfrentar los desaf\u00edos y aprovechar las oportunidades que ofrece el entorno digital actual.<\/p>\n\n\n\n<h2 class=\"wp-block-heading has-verde-056168-color has-text-color\"><strong>Objetivo<\/strong>s <strong>General<\/strong><\/h2>\n\n\n\n<p>\u25cf Capacitar a los participantes en las habilidades esenciales del CM.<\/p>\n\n\n\n<p>\u25cf Desarrollar la capacidad para crear y ejecutar estrategias efectivas en redes sociales.<\/p>\n\n\n\n<p>\u25cf Proporcionar herramientas para la gesti\u00f3n proactiva de la reputaci\u00f3n en l\u00ednea.<br>\u25cf Fomentar la comprensi\u00f3n de las tendencias actuales y futuras en redes<br>sociales.<\/p>\n\n\n\n<p><\/p>\n\n\n\n<figure class=\"wp-block-table is-style-stripes\"><table><thead><tr><th><strong>M\u00d3DULO 1: <\/strong>Introducci\u00f3n a la gesti\u00f3n de redes sociales<\/th><\/tr><\/thead><tbody><tr><td>\u25cf Definici\u00f3n del Community Manager. Otros conceptos claves.<br>\u25cf Rol del Community Manager.<br>\u25cf \u00c9tica y buenas pr\u00e1cticas.<br><\/td><\/tr><tr><td><\/td><\/tr><\/tbody><\/table><\/figure>\n\n\n\n<figure class=\"wp-block-table is-style-stripes\"><table><thead><tr><th><strong><br><strong>M\u00d3DULO 2: <\/strong><\/strong>Herramientas y Plataformas Principales<\/th><\/tr><\/thead><tbody><tr><td>\u25cf Uso efectivo de redes sociales.<br>\u25cf Herramientas de programaci\u00f3n y anal\u00edtica.<br>\u25cf Gesti\u00f3n de contenido multimedia.<br><\/td><\/tr><tr><td><\/td><\/tr><\/tbody><\/table><\/figure>\n\n\n\n<figure class=\"wp-block-table is-style-stripes\"><table><thead><tr><th><strong><strong>M\u00d3DULO 3: <\/strong><\/strong>Estrategias de Contenido y Engagement:<\/th><\/tr><\/thead><tbody><tr><td>\u25cf Creaci\u00f3n de calendarios de contenido.<br>\u25cf Estrategias de interacci\u00f3n y engagement.<br>\u25cf Publicidad en redes sociales.<\/td><\/tr><tr><td><\/td><\/tr><\/tbody><\/table><\/figure>\n\n\n\n<figure class=\"wp-block-table is-style-stripes\"><table><thead><tr><th><strong><br><strong>M\u00d3DULO 4: <\/strong><\/strong>: Desarrollo de una Estrategia:<\/th><\/tr><\/thead><tbody><tr><td>\u25cf Planificaci\u00f3n estrat\u00e9gica.<br>\u25cf Evaluaci\u00f3n y ajuste continuo.<br>\u25cf Identificaci\u00f3n de crisis potenciales<\/td><\/tr><tr><td><\/td><\/tr><\/tbody><\/table><\/figure>\n\n\n\n<figure class=\"wp-block-table is-style-stripes\"><table><tbody><tr><td><\/td><\/tr><\/tbody><\/table><\/figure>\n\n\n\n\n\n<h2 class=\"wp-block-heading has-text-color\" style=\"color:#066d75\"><strong>Equipo docente<\/strong><\/h2>\n\n\n\n<p><strong>Docentes<\/strong>: Roc\u00edo Plano, Ezequiel Shule, Nicol\u00e1s Jacobo, Florencia Mesa<\/p>\n\n\n\n<p><strong>Tutoras<\/strong>: Guadalupe Carzino, Valeria Bertrand.<\/p>\n\n\n\n<p><\/p>\n\n\n\n<p class=\"has-text-color has-medium-font-size\" style=\"color:#e29506\"><strong>Certificaci\u00f3n que otorga<\/strong><\/p>\n\n\n\n<p>Este curso tiene doble modalidad de Certificaci\u00f3n:<\/p>\n\n\n\n<p><strong>GRATUITA<\/strong>: se otorgar\u00e1 una&nbsp;Constancia de Participaci\u00f3n&nbsp;a los cursantes que hayan finalizado el curso teniendo aprobadas las actividades propuestas.<\/p>\n\n\n\n<p><strong>PAGA<\/strong>: se otorgar\u00e1 un&nbsp;Certificado de Aprobaci\u00f3n&nbsp;del curso a los cursantes que cumplan la condici\u00f3n anterior y abonen el arancel correspondiente seg\u00fan el tipo que se detalla a continuaci\u00f3n:&nbsp;&nbsp;<\/p>\n\n\n\n<p>Usuarios de Argentina: $ 18.000<\/p>\n\n\n\n<p>Usuarios extranjeros: USD 25 equivalente al importe en pesos seg\u00fan la cotizaci\u00f3n oficial del d\u00eda.<\/p>\n\n\n\n<p>Usuario que sean estudiantes de la UNNE: $ 9.000<\/p>\n\n\n\n<p><strong><\/strong><\/p>\n\n\n\n<h4 class=\"wp-block-heading has-text-align-center has-verde-056168-background-color has-text-color has-background\" style=\"color:#fbf8f8\">Contacto<\/h4>\n\n\n\n<p><strong>Persona o \u00e1rea de contacto<\/strong>:  <\/p>\n\n\n\n<p>Gabriela Bissaro \u2013 Correo electr\u00f3nico: valeria@unne.edu.ar<\/p>\n\n\n\n<p><\/p>\n\n\n\n<p id=\"block-d62dd9b2-f676-400a-92da-d35d16fe5abc\"><\/p>\n\n\n\n<p> <\/p>\n\n\n\n<p class=\"has-large-font-size\"><strong>\u00bfC\u00f3mo me matriculo a<\/strong>l <strong>curso?<\/strong><\/p>\n\n\n\n<p class=\"has-text-color has-background\" style=\"color:#f7f3f3;background-color:#065a60\">\u00bfQUE ES UN MOOC?<br>La sigla MOOC viene del ingl\u00e9s Massive Online Open Courses y hace referencia, como su nombre lo indica, a los&nbsp;<strong>cursos online abiertos, gratuitos y masivos<\/strong>.<\/p>\n\n\n\n<div class=\"wp-block-sied-items itemNumerado\"><div class=\"row\"><div class=\"col-1\"><div class=\"itemNumero\">1<\/div><\/div><div class=\"col-11\"><h2>INGRESAR a nuestra plataforma mediante el siguiente bot\u00f3n <\/h2><p><\/p><\/div><\/div><\/div>\n\n\n\n<div class=\"wp-block-buttons is-horizontal is-content-justification-center is-layout-flex wp-container-2 wp-block-buttons-is-layout-flex\">\n<div class=\"wp-block-button\"><a class=\"wp-block-button__link has-text-color has-background wp-element-button\" href=\"https:\/\/virtual-mooc.unne.edu.ar\/course\/view.php?id=3176\" style=\"color:#f3f7f7;background-color:#066d75\"> QUIERO HACER ESTE CURSO <\/a><\/div>\n<\/div>\n\n\n\n<div class=\"wp-block-columns is-layout-flex wp-container-5 wp-block-columns-is-layout-flex\">\n<div class=\"wp-block-column is-layout-flow wp-block-column-is-layout-flow\">\n<p>Si ya posee usuario, ingrese a la plataforma MOOC con su mismo usuario y clave de siempre, a trav\u00e9s de logo de MOOC ubicado en la parte superior derecha del sitio.<\/p>\n\n\n\n<p><\/p>\n<\/div>\n\n\n\n<div class=\"wp-block-column is-layout-flow wp-block-column-is-layout-flow\">\n<p>Si no posee usuario, deber\u00e1 crearse una cuenta a trav\u00e9s del bot\u00f3n &#8220;Crear nueva cuenta&#8221;  del formulario que aparecer\u00e1 haciendo clic sobre el logo de MOOC, ubicado en la parte superior derecha del sitio.<\/p>\n\n\n\n<p><br><\/p>\n<\/div>\n<\/div>\n\n\n\n<div class=\"wp-block-sied-items itemNumerado\"><div class=\"row\"><div class=\"col-1\"><div class=\"itemNumero\">2<\/div><\/div><div class=\"col-11\"><h2>Ingrese el c\u00f3digo de acceso<\/h2><p><\/p><\/div><\/div><\/div>\n\n\n\n<p><\/p>\n\n\n\n<p><\/p>\n","protected":false},"featured_media":2241,"parent":0,"template":"","categorias_cursos":[50],"acf":[],"_links":{"self":[{"href":"https:\/\/virtual.unne.edu.ar\/SIED-UV\/wp-json\/wp\/v2\/cursos\/2232"}],"collection":[{"href":"https:\/\/virtual.unne.edu.ar\/SIED-UV\/wp-json\/wp\/v2\/cursos"}],"about":[{"href":"https:\/\/virtual.unne.edu.ar\/SIED-UV\/wp-json\/wp\/v2\/types\/cursos"}],"wp:featuredmedia":[{"embeddable":true,"href":"https:\/\/virtual.unne.edu.ar\/SIED-UV\/wp-json\/wp\/v2\/media\/2241"}],"wp:attachment":[{"href":"https:\/\/virtual.unne.edu.ar\/SIED-UV\/wp-json\/wp\/v2\/media?parent=2232"}],"wp:term":[{"taxonomy":"categorias_cursos","embeddable":true,"href":"https:\/\/virtual.unne.edu.ar\/SIED-UV\/wp-json\/wp\/v2\/categorias_cursos?post=2232"}],"curies":[{"name":"wp","href":"https:\/\/api.w.org\/{rel}","templated":true}]}}

Curso de Gestión de Redes Sociales

<div class="wp-block-sied-items itemNumerado"><div class="row"><div class="col-1"><div class="itemNumero">1</div></div><div class="col-11"><h2>INGRESAR a nuestra plataforma mediante el siguiente botón </h2><p></p></div></div></div>



<div class="wp-block-buttons is-horizontal is-content-justification-center is-layout-flex wp-container-1 wp-block-buttons-is-layout-flex">
<div class="wp-block-button"><a class="wp-block-button__link has-text-color has-background wp-element-button" href="https://virtual-mooc.unne.edu.ar/course/view.php?id=3176" style="color:#f3f7f7;background-color:#066d75">QUIERO HACER ESTE CURSO </a></div>
</div>



<p></p>



<figure class="wp-block-table"><table><tbody><tr><td>si ya posee <strong>usuario</strong>, ingrese a la <strong>plataforma</strong> <strong>MOOC</strong> con su mismo usuario y clave de siempre, a través de logo de MOOC ubicado en la parte superior derecha del sitio.</td><td>Si no posee usuario, deberá crearse una cuenta a través del botón <strong>&#8220;Crear nueva cuenta&#8221;</strong> del formulario que aparecerá haciendo clic sobre el logo de MOOC, ubicado en la parte superior derecha del sitio.</td></tr></tbody></table></figure>



<p></p>



<div class="wp-block-sied-items itemNumerado"><div class="row"><div class="col-1"><div class="itemNumero">2</div></div><div class="col-11"><h2>Ingrese el código de acceso</h2><p></p></div></div></div>



<p>﻿</p>



<p class="has-verde-056168-color has-text-color has-medium-font-size"><strong><strong>Destinatarios</strong></strong>: </p>



<p>Este curso está dirigido a emprendedores/as, estudiantes y cualquier persona<br>interesada en desarrollar habilidades de gestión de comunidades en línea.</p>



<p class="has-negro-color has-text-color has-medium-font-size"></p>



<h2 class="wp-block-heading has-text-color" style="color:#066d75"><strong>Fundamentación</strong></h2>



<p>La importancia creciente de las redes sociales y la comunicación en línea en el mundo es una ventana atractiva para empresas e instituciones. Según el informe correspondientes a enero de 2023, el número total de usuarios de plataformas sociales en el planeta es superior a 4.760 millones de personas. Esto representa el 59,4% de la población mundial total.<br>Por tal motivo, los medios sociales o más conocidos por su nombre en inglés, social media, llaman la atención del ámbito empresarial e institucional. Representan una oportunidad incomparable de llegada al público. En este contexto, la necesidad de profesionales capacitados para gestionar eficazmente la presencia en línea de una marca o empresa es fundamental.<br>A medida que las redes sociales se han convertido en una parte integral de la vida cotidiana de las personas, también se han convertido en un canal clave para las empresas y organizaciones para interactuar con sus clientes, promocionar sus productos y servicios, y construir una reputación en línea sólida.<br>El rol del Community Manager es crucial en este escenario, ya que es el encargado de administrar y desarrollar la presencia en línea de una marca o empresa en las redes sociales. Su función implica la creación y gestión de perfiles en diferentes plataformas sociales, la creación de contenido relevante y atractivo, la moderación de comentarios y la interacción con los seguidores y clientes.<br>Esta propuesta de capacitación es un primer acercamiento para la gestión de redes sociales. Tiene como propósito proporcionar a los participantes las habilidades y conocimientos necesarios para llevar a cabo estas tareas de manera efectiva.<br>Algunos de los temas clave que se abordan en el curso incluyen: estrategia de redes sociales, creación de contenido, gestión de comunidades, análisis de métricas y gestión de crisis.<br>Este curso de gestión de redes sociales proporciona las habilidades necesarias para gestionar eficazmente la presencia en línea de una marca o empresa en las redes sociales. Al adquirir conocimientos básicos en estrategia, creación de contenido gestión de comunidades, análisis y gestión de crisis, los participantes estarán preparados para enfrentar los desafíos y aprovechar las oportunidades que ofrece el entorno digital actual.</p>



<h2 class="wp-block-heading has-verde-056168-color has-text-color"><strong>Objetivo</strong>s <strong>General</strong></h2>



<p>● Capacitar a los participantes en las habilidades esenciales del CM.</p>



<p>● Desarrollar la capacidad para crear y ejecutar estrategias efectivas en redes sociales.</p>



<p>● Proporcionar herramientas para la gestión proactiva de la reputación en línea.<br>● Fomentar la comprensión de las tendencias actuales y futuras en redes<br>sociales.</p>



<p></p>



<figure class="wp-block-table is-style-stripes"><table><thead><tr><th><strong>MÓDULO 1: </strong>Introducción a la gestión de redes sociales</th></tr></thead><tbody><tr><td>● Definición del Community Manager. Otros conceptos claves.<br>● Rol del Community Manager.<br>● Ética y buenas prácticas.<br></td></tr><tr><td></td></tr></tbody></table></figure>



<figure class="wp-block-table is-style-stripes"><table><thead><tr><th><strong><br><strong>MÓDULO 2: </strong></strong>Herramientas y Plataformas Principales</th></tr></thead><tbody><tr><td>● Uso efectivo de redes sociales.<br>● Herramientas de programación y analítica.<br>● Gestión de contenido multimedia.<br></td></tr><tr><td></td></tr></tbody></table></figure>



<figure class="wp-block-table is-style-stripes"><table><thead><tr><th><strong><strong>MÓDULO 3: </strong></strong>Estrategias de Contenido y Engagement:</th></tr></thead><tbody><tr><td>● Creación de calendarios de contenido.<br>● Estrategias de interacción y engagement.<br>● Publicidad en redes sociales.</td></tr><tr><td></td></tr></tbody></table></figure>



<figure class="wp-block-table is-style-stripes"><table><thead><tr><th><strong><br><strong>MÓDULO 4: </strong></strong>: Desarrollo de una Estrategia:</th></tr></thead><tbody><tr><td>● Planificación estratégica.<br>● Evaluación y ajuste continuo.<br>● Identificación de crisis potenciales</td></tr><tr><td></td></tr></tbody></table></figure>



<figure class="wp-block-table is-style-stripes"><table><tbody><tr><td></td></tr></tbody></table></figure>





<h2 class="wp-block-heading has-text-color" style="color:#066d75"><strong>Equipo docente</strong></h2>



<p><strong>Docentes</strong>: Rocío Plano, Ezequiel Shule, Nicolás Jacobo, Florencia Mesa</p>



<p><strong>Tutoras</strong>: Guadalupe Carzino, Valeria Bertrand.</p>



<p></p>



<p class="has-text-color has-medium-font-size" style="color:#e29506"><strong>Certificación que otorga</strong></p>



<p>Este curso tiene doble modalidad de Certificación:</p>



<p><strong>GRATUITA</strong>: se otorgará una&nbsp;Constancia de Participación&nbsp;a los cursantes que hayan finalizado el curso teniendo aprobadas las actividades propuestas.</p>



<p><strong>PAGA</strong>: se otorgará un&nbsp;Certificado de Aprobación&nbsp;del curso a los cursantes que cumplan la condición anterior y abonen el arancel correspondiente según el tipo que se detalla a continuación:&nbsp;&nbsp;</p>



<p>Usuarios de Argentina: $ 18.000</p>



<p>Usuarios extranjeros: USD 25 equivalente al importe en pesos según la cotización oficial del día.</p>



<p>Usuario que sean estudiantes de la UNNE: $ 9.000</p>



<p><strong></strong></p>



<h4 class="wp-block-heading has-text-align-center has-verde-056168-background-color has-text-color has-background" style="color:#fbf8f8">Contacto</h4>



<p><strong>Persona o área de contacto</strong>:  </p>



<p>Gabriela Bissaro – Correo electrónico: valeria@unne.edu.ar</p>



<p></p>



<p id="block-d62dd9b2-f676-400a-92da-d35d16fe5abc"></p>



<p> </p>



<p class="has-large-font-size"><strong>¿Cómo me matriculo a</strong>l <strong>curso?</strong></p>



<p class="has-text-color has-background" style="color:#f7f3f3;background-color:#065a60">¿QUE ES UN MOOC?<br>La sigla MOOC viene del inglés Massive Online Open Courses y hace referencia, como su nombre lo indica, a los&nbsp;<strong>cursos online abiertos, gratuitos y masivos</strong>.</p>



<div class="wp-block-sied-items itemNumerado"><div class="row"><div class="col-1"><div class="itemNumero">1</div></div><div class="col-11"><h2>INGRESAR a nuestra plataforma mediante el siguiente botón </h2><p></p></div></div></div>



<div class="wp-block-buttons is-horizontal is-content-justification-center is-layout-flex wp-container-2 wp-block-buttons-is-layout-flex">
<div class="wp-block-button"><a class="wp-block-button__link has-text-color has-background wp-element-button" href="https://virtual-mooc.unne.edu.ar/course/view.php?id=3176" style="color:#f3f7f7;background-color:#066d75"> QUIERO HACER ESTE CURSO </a></div>
</div>



<div class="wp-block-columns is-layout-flex wp-container-5 wp-block-columns-is-layout-flex">
<div class="wp-block-column is-layout-flow wp-block-column-is-layout-flow">
<p>Si ya posee usuario, ingrese a la plataforma MOOC con su mismo usuario y clave de siempre, a través de logo de MOOC ubicado en la parte superior derecha del sitio.</p>



<p></p>
</div>



<div class="wp-block-column is-layout-flow wp-block-column-is-layout-flow">
<p>Si no posee usuario, deberá crearse una cuenta a través del botón &#8220;Crear nueva cuenta&#8221;  del formulario que aparecerá haciendo clic sobre el logo de MOOC, ubicado en la parte superior derecha del sitio.</p>



<p><br></p>
</div>
</div>



<div class="wp-block-sied-items itemNumerado"><div class="row"><div class="col-1"><div class="itemNumero">2</div></div><div class="col-11"><h2>Ingrese el código de acceso</h2><p></p></div></div></div>



<p></p>



<p></p>
