{"id":1107,"date":"2022-11-11T08:22:36","date_gmt":"2022-11-11T11:22:36","guid":{"rendered":"https:\/\/virtual.unne.edu.ar\/SIED-UV\/?page_id=1107"},"modified":"2026-04-15T11:32:24","modified_gmt":"2026-04-15T14:32:24","slug":"3-edutic-mercosur","status":"publish","type":"page","link":"https:\/\/virtual.unne.edu.ar\/SIED-UV\/3-edutic-mercosur\/","title":{"rendered":"3\u00ba EDUTIC Mercosur"},"content":{"rendered":"\n<figure class=\"wp-block-image size-large\"><img decoding=\"async\" loading=\"lazy\" width=\"1024\" height=\"450\" src=\"https:\/\/virtual.unne.edu.ar\/SIED-UV\/wp-content\/uploads\/2025\/04\/piezas-basicas-con-identidad-de-la-unne-y-fecha-septiembre-27-2-1024x450.jpg\" alt=\"\" class=\"wp-image-3485\" srcset=\"https:\/\/virtual.unne.edu.ar\/SIED-UV\/wp-content\/uploads\/2025\/04\/piezas-basicas-con-identidad-de-la-unne-y-fecha-septiembre-27-2-1024x450.jpg 1024w, https:\/\/virtual.unne.edu.ar\/SIED-UV\/wp-content\/uploads\/2025\/04\/piezas-basicas-con-identidad-de-la-unne-y-fecha-septiembre-27-2-300x132.jpg 300w, https:\/\/virtual.unne.edu.ar\/SIED-UV\/wp-content\/uploads\/2025\/04\/piezas-basicas-con-identidad-de-la-unne-y-fecha-septiembre-27-2-768x337.jpg 768w, https:\/\/virtual.unne.edu.ar\/SIED-UV\/wp-content\/uploads\/2025\/04\/piezas-basicas-con-identidad-de-la-unne-y-fecha-septiembre-27-2.jpg 1366w\" sizes=\"(max-width: 1024px) 100vw, 1024px\" \/><\/figure>\n\n\n\n<p><\/p>\n\n\n\n<h1 class=\"wp-block-heading has-text-align-center has-text-color\" style=\"color:#88888859\">RECEPCI\u00d3N DE TRABAJOS CERRADA<\/h1>\n\n\n\n<hr class=\"wp-block-separator has-alpha-channel-opacity\"\/>\n\n\n\n<div style=\"height:100px\" aria-hidden=\"true\" class=\"wp-block-spacer\"><\/div>\n\n\n\n<div class=\"wp-block-columns is-layout-flex wp-container-5 wp-block-columns-is-layout-flex\">\n<div class=\"wp-block-column is-layout-flow wp-block-column-is-layout-flow\">\n<div class=\"wp-block-buttons is-horizontal is-content-justification-center is-layout-flex wp-container-1 wp-block-buttons-is-layout-flex\">\n<div class=\"wp-block-button has-custom-font-size\" style=\"font-size:20px\"><a class=\"wp-block-button__link has-background wp-element-button\" href=\"https:\/\/drive.google.com\/file\/d\/1HjQLz-lg1hWBsBsXS_BzKplX2vjuZ9ed\/view\" style=\"background-color:#053d69\" target=\"_blank\" rel=\"noreferrer noopener\"> RESOLUCI\u00d3N DE APROBACI\u00d3N<\/a><\/div>\n<\/div>\n<\/div>\n\n\n\n<div class=\"wp-block-column is-layout-flow wp-block-column-is-layout-flow\">\n<div class=\"wp-block-buttons is-horizontal is-content-justification-center is-layout-flex wp-container-3 wp-block-buttons-is-layout-flex\">\n<div class=\"wp-block-button has-custom-font-size\" style=\"font-size:20px\"><a class=\"wp-block-button__link has-background wp-element-button\" href=\"https:\/\/drive.google.com\/file\/d\/1MX7PRdnWFUlPEouQxZFtVHZhTqxO_q0B\/view?usp=sharing\" style=\"background-color:#053d69\">RESOLUCI\u00d3N CAMBIO DE FECHA<\/a><\/div>\n<\/div>\n<\/div>\n<\/div>\n\n\n\n<div class=\"wp-block-columns is-layout-flex wp-container-10 wp-block-columns-is-layout-flex\">\n<div class=\"wp-block-column is-layout-flow wp-block-column-is-layout-flow\">\n<div class=\"wp-block-buttons is-horizontal is-content-justification-center is-layout-flex wp-container-6 wp-block-buttons-is-layout-flex\">\n<div class=\"wp-block-button has-custom-font-size\" style=\"font-size:20px\"><a class=\"wp-block-button__link has-background wp-element-button\" href=\"https:\/\/drive.google.com\/file\/d\/10pU9zvx1dQossVisuXlaTKGeajkoe6NQ\/view?usp=drive_link\" style=\"background-color:#76b54c\"> TERCERA CIRCULAR<\/a><\/div>\n<\/div>\n<\/div>\n\n\n\n<div class=\"wp-block-column is-layout-flow wp-block-column-is-layout-flow\">\n<div class=\"wp-block-buttons is-horizontal is-content-justification-center is-layout-flex wp-container-8 wp-block-buttons-is-layout-flex\">\n<div class=\"wp-block-button has-custom-font-size\" style=\"font-size:20px\"><a class=\"wp-block-button__link has-background wp-element-button\" href=\"https:\/\/drive.google.com\/file\/d\/1MX7PRdnWFUlPEouQxZFtVHZhTqxO_q0B\/view?usp=sharing\" style=\"background-color:#76b54c\"> SEGUNDA CIRCULAR<\/a><\/div>\n<\/div>\n<\/div>\n<\/div>\n\n\n\n<div style=\"height:57px\" aria-hidden=\"true\" class=\"wp-block-spacer\"><\/div>\n\n\n\n<p class=\"has-text-align-center has-text-color\" style=\"color:#f9187a;font-size:26px\"><strong>Fecha del congreso:<\/strong>  10 y 11 de septiembre de 2025<\/p>\n\n\n\n<p class=\"has-text-align-center has-text-color\" style=\"color:#f9187a;font-size:26px\"><strong>Lugar:<\/strong> Corrientes Capital (Argentina) &#8211; UNNE.&nbsp;<\/p>\n\n\n\n<p><\/p>\n\n\n\n<p><\/p>\n\n\n\n<p class=\"has-text-align-center has-text-color has-large-font-size\" style=\"color:#d400d1\"><strong><a href=\"https:\/\/congresoedutic.unne.edu.ar\/\">INGRESA AL SISTEMA DEL CONGRESO  <\/a><\/strong><\/p>\n\n\n\n<div style=\"height:100px\" aria-hidden=\"true\" class=\"wp-block-spacer\"><\/div>\n\n\n\n<h1 class=\"wp-block-heading has-text-color\" style=\"color:#0094d9;font-size:30px\">Fundamentaci\u00f3n: &nbsp;<\/h1>\n\n\n\n<p>El Primer Congreso de Educaci\u00f3n y Tecnolog\u00edas del Mercosur fue organizado por la Universidad Nacional del Nordeste en 2017 y logr\u00f3 una notable participaci\u00f3n, con m\u00e1s de 203 trabajos presentados en distintas mesas de trabajo, adem\u00e1s de contar con 2 conferencias principales, 1 mesa de intercambio y 4 panelistas invitados. El evento reuni\u00f3 a m\u00e1s de 350 asistentes, mayormente docentes de nivel superior provenientes de universidades tanto nacionales como extranjeras. Asimismo, se habilitaron salas de exposiciones con ambientes y laboratorios que incorporan tecnolog\u00edas de la informaci\u00f3n y comunicaci\u00f3n (TIC).<\/p>\n\n\n\n<p>En su segunda edici\u00f3n, el congreso se centr\u00f3 en la reflexi\u00f3n y el debate sobre la implementaci\u00f3n de las TIC en los procesos educativos, logrando una mayor convocatoria, con 475 participantes (40% remoto y 60% situado) incluyendo pa\u00edses como Espa\u00f1a, Colombia, Bolivia, Brasil, Paraguay y Argentina, 224 trabajos presentados en distintas mesas de trabajo y posters, 12 espacios de intercambio, 2&nbsp;conferencias centrales con 2 conferencistas invitadas, 9 paneles, 30 paneles y 9 moderadores.<\/p>\n\n\n\n<p>Este Congreso forma parte de una de las l\u00edneas estrat\u00e9gicas de la pol\u00edtica institucional de la UNNE, siendo una acci\u00f3n clave para promover el uso de las TIC como herramienta para el aprendizaje ubicuo y fomentar el uso de entornos virtuales en la gesti\u00f3n y desarrollo de proyectos de docencia, investigaci\u00f3n y extensi\u00f3n.<\/p>\n\n\n\n<p>Para la tercera edici\u00f3n, se propone visibilizar las Tecnolog\u00edas del Aprendizaje y Conocimiento (TAC) y reflexionar sobre su uso, en un contexto orientado hacia la bimodalidad. Se busca abordar los desaf\u00edos institucionales relacionados con la gesti\u00f3n de este tipo de proyectos, el aprendizaje mediado por tecnolog\u00edas en contextos diversos, la implementaci\u00f3n de las TAC en distintos niveles educativos, y el desarrollo de entornos educativos virtuales. Adem\u00e1s, se plantea discutir las oportunidades y el potencial de la bimodalidad para mejorar el acceso a los sistemas educativos en el Mercosur y Am\u00e9rica Latina.<\/p>\n\n\n\n<p>Desde una perspectiva normativa, la realizaci\u00f3n de estos proyectos requiere decisiones institucionales que los impulsen, as\u00ed como la participaci\u00f3n de actores en diferentes niveles para llevarlos a cabo. <\/p>\n\n\n\n<div style=\"height:57px\" aria-hidden=\"true\" class=\"wp-block-spacer\"><\/div>\n\n\n\n<h1 class=\"wp-block-heading has-text-color\" style=\"color:#0094d9;font-size:30px\">Prop\u00f3sitos:<\/h1>\n\n\n\n<ul>\n<li>Promover el debate en torno a la educaci\u00f3n con tecnolog\u00edas, su potencialidad para la ense\u00f1anza, el aprendizaje y la gesti\u00f3n de propuestas educativas.<\/li>\n\n\n\n<li>Constituir un lugar de encuentro para la comunicaci\u00f3n de resultados de investigaci\u00f3n sobre la educaci\u00f3n con tecnolog\u00edas en la regi\u00f3n.<\/li>\n\n\n\n<li>Propiciar el intercambio acerca del sentido democratizador que pueden asumir las tecnolog\u00edas en el contexto educativo latinoamericano, especialmente en el Mercosur.<\/li>\n\n\n\n<li>Socializar experiencias y desarrollos tecnol\u00f3gicos que contribuyen a la mejora de las pr\u00e1cticas educativas.<\/li>\n<\/ul>\n\n\n\n<div style=\"height:57px\" aria-hidden=\"true\" class=\"wp-block-spacer\"><\/div>\n\n\n\n<h1 class=\"wp-block-heading has-text-color\" style=\"color:#0094d9;font-size:30px\">Destinatarios:<\/h1>\n\n\n\n<ul>\n<li>Docentes, investigadores y extensionistas universitarios.<\/li>\n\n\n\n<li>Docentes de instituciones de todos los niveles del sistema educativo.<\/li>\n\n\n\n<li>Gestores y administradores de proyectos innovadores con tecnolog\u00edas.<\/li>\n<\/ul>\n\n\n\n<p><strong>&nbsp;<\/strong><\/p>\n\n\n\n<div style=\"height:100px\" aria-hidden=\"true\" class=\"wp-block-spacer\"><\/div>\n\n\n\n<p>Puede consultar m\u00e1s informaci\u00f3n sobre:  <\/p>\n\n\n\n<p><\/p>\n\n\n\n<p><\/p>\n\n\n\n<div class=\"wp-block-columns is-layout-flex wp-container-14 wp-block-columns-is-layout-flex\">\n<div class=\"wp-block-column is-layout-flow wp-block-column-is-layout-flow\">\n<p class=\"has-text-align-center has-blanco-color has-text-color has-background\" style=\"background-color:#a6ce39\"> <a href=\"https:\/\/virtual.unne.edu.ar\/SIED-UV\/generico\/ejes-tematicos\/\"><strong>Ejes tem\u00e1ticos<\/strong><\/a><\/p>\n<\/div>\n\n\n\n<div class=\"wp-block-column is-layout-flow wp-block-column-is-layout-flow\">\n<p class=\"has-text-align-center has-blanco-color has-text-color has-background\" style=\"background-color:#a6ce39\"><strong><a href=\"https:\/\/virtual.unne.edu.ar\/SIED-UV\/generico\/formas-de-participacion\/\">Formas de Participaci\u00f3n<\/a><\/strong><\/p>\n<\/div>\n\n\n\n<div class=\"wp-block-column is-layout-flow wp-block-column-is-layout-flow\">\n<p class=\"has-text-align-center has-background\" style=\"background-color:#a6ce39\"><strong><a href=\"https:\/\/virtual.unne.edu.ar\/SIED-UV\/generico\/como-llegar\/\">L<\/a><a href=\"https:\/\/virtual.unne.edu.ar\/SIED-UV\/generico\/lugar\/\">ugar <\/a><\/strong><\/p>\n<\/div>\n<\/div>\n\n\n\n<p><\/p>\n\n\n\n<div style=\"height:57px\" aria-hidden=\"true\" class=\"wp-block-spacer\"><\/div>\n\n\n\n<hr class=\"wp-block-separator has-text-color has-css-opacity has-background is-style-default\" style=\"background-color:#d4d00a;color:#d4d00a\"\/>\n\n\n\n<h2 class=\"wp-block-heading has-text-align-left has-text-color\" style=\"color:#afca0b;font-size:24px\">ORGANIZAN<\/h2>\n\n\n\n<p><strong>Organiza &#8211; Unidad ejecutora:<\/strong> Sistema Institucional de Educaci\u00f3n a distancia: Programa UNNE Virtual \u2013 Comisi\u00f3n Central de Educaci\u00f3n Virtual (Secretar\u00eda General Acad\u00e9mica &#8211; UNNE) <\/p>\n\n\n\n<p><\/p>\n\n\n\n<p><\/p>\n\n\n<div class=\"wp-block-image\">\n<figure class=\"alignleft size-full\"><img decoding=\"async\" loading=\"lazy\" width=\"212\" height=\"100\" src=\"https:\/\/virtual.unne.edu.ar\/SIED-UV\/wp-content\/uploads\/2023\/03\/logos_Mesa-de-trabajo-1-01-1.png\" alt=\"\" class=\"wp-image-1418\"\/><\/figure><\/div>\n\n<div class=\"wp-block-image\">\n<figure class=\"alignleft size-full\"><img decoding=\"async\" loading=\"lazy\" width=\"212\" height=\"100\" src=\"https:\/\/virtual.unne.edu.ar\/SIED-UV\/wp-content\/uploads\/2023\/03\/logos_Mesa-de-trabajo-1-02-1.png\" alt=\"\" class=\"wp-image-1419\"\/><\/figure><\/div>\n\n<div class=\"wp-block-image\">\n<figure class=\"alignleft size-full\"><img decoding=\"async\" loading=\"lazy\" width=\"212\" height=\"100\" src=\"https:\/\/virtual.unne.edu.ar\/SIED-UV\/wp-content\/uploads\/2023\/03\/logos_Mesa-de-trabajo-1-03.png\" alt=\"\" class=\"wp-image-1420\"\/><\/figure><\/div>\n\n<div class=\"wp-block-image\">\n<figure class=\"alignleft size-full\"><img decoding=\"async\" loading=\"lazy\" width=\"212\" height=\"100\" src=\"https:\/\/virtual.unne.edu.ar\/SIED-UV\/wp-content\/uploads\/2023\/03\/logos_Mesa-de-trabajo-1-04.png\" alt=\"\" class=\"wp-image-1421\"\/><\/figure><\/div>\n\n\n<p><\/p>\n\n\n\n<p><\/p>\n\n\n\n<p><\/p>\n\n\n\n<p><\/p>\n\n\n\n<div style=\"height:65px\" aria-hidden=\"true\" class=\"wp-block-spacer\"><\/div>\n\n\n\n<hr class=\"wp-block-separator has-text-color has-css-opacity has-background is-style-default\" style=\"background-color:#d4d00a;color:#d4d00a\"\/>\n\n\n\n<h2 class=\"wp-block-heading has-text-align-left has-text-color\" style=\"color:#afca0b;font-size:24px\">AVALAN <\/h2>\n\n\n<div class=\"wp-block-image\">\n<figure class=\"alignleft size-full is-resized\"><img decoding=\"async\" loading=\"lazy\" width=\"174\" height=\"187\" src=\"https:\/\/virtual.unne.edu.ar\/SIED-UV\/wp-content\/uploads\/2025\/09\/logomec.png\" alt=\"\" class=\"wp-image-3713\" style=\"aspect-ratio:0.93048128342246;width:117px;height:auto\"\/><\/figure><\/div>\n\n<div class=\"wp-block-image\">\n<figure class=\"alignleft size-medium\"><img decoding=\"async\" loading=\"lazy\" width=\"300\" height=\"88\" src=\"https:\/\/virtual.unne.edu.ar\/SIED-UV\/wp-content\/uploads\/2025\/09\/Isologotipo_Gobierno-del-Chaco-Ministerio_AzulSinFondo-300x88.png\" alt=\"\" class=\"wp-image-3712\" srcset=\"https:\/\/virtual.unne.edu.ar\/SIED-UV\/wp-content\/uploads\/2025\/09\/Isologotipo_Gobierno-del-Chaco-Ministerio_AzulSinFondo-300x88.png 300w, https:\/\/virtual.unne.edu.ar\/SIED-UV\/wp-content\/uploads\/2025\/09\/Isologotipo_Gobierno-del-Chaco-Ministerio_AzulSinFondo-1024x301.png 1024w, https:\/\/virtual.unne.edu.ar\/SIED-UV\/wp-content\/uploads\/2025\/09\/Isologotipo_Gobierno-del-Chaco-Ministerio_AzulSinFondo-768x226.png 768w, https:\/\/virtual.unne.edu.ar\/SIED-UV\/wp-content\/uploads\/2025\/09\/Isologotipo_Gobierno-del-Chaco-Ministerio_AzulSinFondo.png 1360w\" sizes=\"(max-width: 300px) 100vw, 300px\" \/><\/figure><\/div>\n\n\n<div style=\"height:67px\" aria-hidden=\"true\" class=\"wp-block-spacer\"><\/div>\n\n\n\n<hr class=\"wp-block-separator has-text-color has-css-opacity has-background is-style-default\" style=\"background-color:#d4d00a;color:#d4d00a\"\/>\n\n\n\n<p><\/p>\n\n\n\n<h2 class=\"-color wp-block-heading\" style=\"color:#afca0b;font-size:24px\"><strong>APOYAN <\/strong><\/h2>\n\n\n<div class=\"wp-block-image\">\n<figure class=\"alignleft size-full\"><img decoding=\"async\" loading=\"lazy\" width=\"231\" height=\"70\" src=\"https:\/\/virtual.unne.edu.ar\/SIED-UV\/wp-content\/uploads\/2023\/05\/logoCINnew.png\" alt=\"\" class=\"wp-image-1685\"\/><\/figure><\/div>\n\n\n<figure class=\"wp-block-image size-medium\"><img decoding=\"async\" loading=\"lazy\" width=\"300\" height=\"105\" src=\"https:\/\/virtual.unne.edu.ar\/SIED-UV\/wp-content\/uploads\/2023\/05\/LogoICCTI-Negro-300x105.png\" alt=\"\" class=\"wp-image-1675\" srcset=\"https:\/\/virtual.unne.edu.ar\/SIED-UV\/wp-content\/uploads\/2023\/05\/LogoICCTI-Negro-300x105.png 300w, https:\/\/virtual.unne.edu.ar\/SIED-UV\/wp-content\/uploads\/2023\/05\/LogoICCTI-Negro-1024x358.png 1024w, https:\/\/virtual.unne.edu.ar\/SIED-UV\/wp-content\/uploads\/2023\/05\/LogoICCTI-Negro-768x269.png 768w, https:\/\/virtual.unne.edu.ar\/SIED-UV\/wp-content\/uploads\/2023\/05\/LogoICCTI-Negro.png 1241w\" sizes=\"(max-width: 300px) 100vw, 300px\" \/><\/figure>\n\n\n\n<div style=\"height:65px\" aria-hidden=\"true\" class=\"wp-block-spacer\"><\/div>\n\n\n\n<hr class=\"wp-block-separator has-text-color has-css-opacity has-background is-style-default\" style=\"background-color:#d4d00a;color:#d4d00a\"\/>\n\n\n\n<h2 class=\"wp-block-heading has-text-align-left has-text-color\" style=\"color:#afca0b;font-size:24px\">AUSPICIAN <\/h2>\n\n\n\n<figure class=\"wp-block-image size-medium\"><img decoding=\"async\" loading=\"lazy\" width=\"300\" height=\"104\" src=\"https:\/\/virtual.unne.edu.ar\/SIED-UV\/wp-content\/uploads\/2025\/09\/LOGO-FINAL-300x104.png\" alt=\"\" class=\"wp-image-3711\" srcset=\"https:\/\/virtual.unne.edu.ar\/SIED-UV\/wp-content\/uploads\/2025\/09\/LOGO-FINAL-300x104.png 300w, https:\/\/virtual.unne.edu.ar\/SIED-UV\/wp-content\/uploads\/2025\/09\/LOGO-FINAL-768x265.png 768w, https:\/\/virtual.unne.edu.ar\/SIED-UV\/wp-content\/uploads\/2025\/09\/LOGO-FINAL.png 802w\" sizes=\"(max-width: 300px) 100vw, 300px\" \/><\/figure>\n\n\n\n<p><\/p>\n","protected":false},"excerpt":{"rendered":"<p>RECEPCI\u00d3N DE TRABAJOS CERRADA Fecha del congreso: 10 y 11 de septiembre de 2025 Lugar: Corrientes Capital (Argentina) &#8211; UNNE.&nbsp; INGRESA AL SISTEMA DEL CONGRESO Fundamentaci\u00f3n: &nbsp; El Primer Congreso de Educaci\u00f3n y Tecnolog\u00edas del Mercosur fue organizado por la Universidad Nacional del Nordeste en 2017 y logr\u00f3 una notable participaci\u00f3n, con m\u00e1s de 203 [&hellip;]<\/p>\n","protected":false},"author":2,"featured_media":3483,"parent":0,"menu_order":0,"comment_status":"closed","ping_status":"closed","template":"","meta":{"footnotes":""},"acf":[],"_links":{"self":[{"href":"https:\/\/virtual.unne.edu.ar\/SIED-UV\/wp-json\/wp\/v2\/pages\/1107"}],"collection":[{"href":"https:\/\/virtual.unne.edu.ar\/SIED-UV\/wp-json\/wp\/v2\/pages"}],"about":[{"href":"https:\/\/virtual.unne.edu.ar\/SIED-UV\/wp-json\/wp\/v2\/types\/page"}],"author":[{"embeddable":true,"href":"https:\/\/virtual.unne.edu.ar\/SIED-UV\/wp-json\/wp\/v2\/users\/2"}],"replies":[{"embeddable":true,"href":"https:\/\/virtual.unne.edu.ar\/SIED-UV\/wp-json\/wp\/v2\/comments?post=1107"}],"version-history":[{"count":91,"href":"https:\/\/virtual.unne.edu.ar\/SIED-UV\/wp-json\/wp\/v2\/pages\/1107\/revisions"}],"predecessor-version":[{"id":4114,"href":"https:\/\/virtual.unne.edu.ar\/SIED-UV\/wp-json\/wp\/v2\/pages\/1107\/revisions\/4114"}],"wp:featuredmedia":[{"embeddable":true,"href":"https:\/\/virtual.unne.edu.ar\/SIED-UV\/wp-json\/wp\/v2\/media\/3483"}],"wp:attachment":[{"href":"https:\/\/virtual.unne.edu.ar\/SIED-UV\/wp-json\/wp\/v2\/media?parent=1107"}],"curies":[{"name":"wp","href":"https:\/\/api.w.org\/{rel}","templated":true}]}}