{"id":319,"date":"2021-12-16T11:50:51","date_gmt":"2021-12-16T14:50:51","guid":{"rendered":"https:\/\/virtual.unne.edu.ar\/SIED-UV\/?post_type=uv_guias&#038;p=319"},"modified":"2021-12-17T12:16:56","modified_gmt":"2021-12-17T15:16:56","slug":"apoyo-academico-y-acompanamiento-psicopedagogico","status":"publish","type":"uv_guias","link":"https:\/\/virtual.unne.edu.ar\/SIED-UV\/uv_guias\/apoyo-academico-y-acompanamiento-psicopedagogico\/","title":{"rendered":"Apoyo Acad\u00e9mico y Acompa\u00f1amiento Psicopedag\u00f3gico"},"content":{"rendered":"\n<h2 class=\"has-text-color wp-block-heading\" style=\"color:#006d40\"> <img decoding=\"async\" loading=\"lazy\" width=\"9\" height=\"8\" class=\"wp-image-291\" style=\"width: 9px;\" src=\"https:\/\/virtual.unne.edu.ar\/SIED-UV\/wp-content\/uploads\/2021\/12\/listas-01.png\" alt=\"lista-verde-universidad\">  Orientaci\u00f3n Vocacional Ocupacional<\/h2>\n\n\n\n<p>Tiene como objetivo ayudarte a transitar el dif\u00edcil camino de elegir una carrera y ayudarte a prevenir la disconformidad en este proceso. <\/p>\n\n\n\n<p> A la vez este proceso es \u00fatil para que te conozcas mejor y puedas descubrir y\/o preguntarte por tus intereses vocacionales con el objetivo de identificar campos, carreras y proyectos que puedan alinearse y coincidir con tus objetivos.  <\/p>\n\n\n\n<p>Esta tarea depende del Departamento de Orientaci\u00f3n Vocacional Ocupacional con dos sedes, una en la ciudad de Corrientes y otra en Resistencia.<\/p>\n\n\n\n<div class=\"wp-block-columns is-layout-flex wp-container-3 wp-block-columns-is-layout-flex\">\n<div class=\"wp-block-column is-layout-flow wp-block-column-is-layout-flow\" style=\"flex-basis:20%\">\n<div class=\"wp-block-image\"><figure class=\"alignright size-full is-resized\"><img decoding=\"async\" loading=\"lazy\" src=\"https:\/\/virtual.unne.edu.ar\/SIED-UV\/wp-content\/uploads\/2021\/12\/guardar-instagram.png\" alt=\"icono-recomendacion\" class=\"wp-image-305\" width=\"62\" height=\"62\" srcset=\"https:\/\/virtual.unne.edu.ar\/SIED-UV\/wp-content\/uploads\/2021\/12\/guardar-instagram.png 512w, https:\/\/virtual.unne.edu.ar\/SIED-UV\/wp-content\/uploads\/2021\/12\/guardar-instagram-300x300.png 300w, https:\/\/virtual.unne.edu.ar\/SIED-UV\/wp-content\/uploads\/2021\/12\/guardar-instagram-150x150.png 150w\" sizes=\"(max-width: 62px) 100vw, 62px\" \/><\/figure><\/div>\n<\/div>\n\n\n\n<div class=\"wp-block-column is-vertically-aligned-top is-layout-flow wp-block-column-is-layout-flow\" style=\"flex-basis:80%\">\n<hr class=\"wp-block-separator has-text-color has-background is-style-wide\" style=\"background-color:#c0c0c0;color:#c0c0c0\"\/>\n\n\n\n<p class=\"has-text-color has-normal-font-size\" style=\"color:#0a704f\">Tambi\u00e9n pod\u00e9s recurrir a orientaci\u00f3n vocacional en el caso de tener inquietudes con la carrera que est\u00e1s cursando.<\/p>\n<\/div>\n<\/div>\n\n\n\n<div class=\"wp-block-columns is-layout-flex wp-container-6 wp-block-columns-is-layout-flex\">\n<div class=\"wp-block-column is-layout-flow wp-block-column-is-layout-flow\" style=\"flex-basis:20%\">\n<div class=\"wp-block-image\"><figure class=\"alignright size-full is-resized\"><img decoding=\"async\" loading=\"lazy\" src=\"https:\/\/virtual.unne.edu.ar\/SIED-UV\/wp-content\/uploads\/2021\/12\/hacer-clic.png\" alt=\"VISITAR SITIO\" class=\"wp-image-299\" width=\"92\" height=\"92\" srcset=\"https:\/\/virtual.unne.edu.ar\/SIED-UV\/wp-content\/uploads\/2021\/12\/hacer-clic.png 512w, https:\/\/virtual.unne.edu.ar\/SIED-UV\/wp-content\/uploads\/2021\/12\/hacer-clic-300x300.png 300w, https:\/\/virtual.unne.edu.ar\/SIED-UV\/wp-content\/uploads\/2021\/12\/hacer-clic-150x150.png 150w\" sizes=\"(max-width: 92px) 100vw, 92px\" \/><\/figure><\/div>\n<\/div>\n\n\n\n<div class=\"wp-block-column is-vertically-aligned-center is-layout-flow wp-block-column-is-layout-flow\" style=\"flex-basis:80%\">\n<hr class=\"wp-block-separator has-text-color has-background is-style-wide\" style=\"background-color:#008f34;color:#008f34\"\/>\n\n\n\n<p><a href=\"https:\/\/www.unne.edu.ar\/index.php?option=com_k2&amp;view=item&amp;layout=item&amp;id=115&amp;Itemid=507&amp;lang=es\" target=\"_blank\" rel=\"noreferrer noopener\">Orientaci\u00f3n vocacional<\/a><\/p>\n\n\n\n<hr class=\"wp-block-separator has-text-color has-background is-style-wide\" style=\"background-color:#0a704f;color:#0a704f\"\/>\n<\/div>\n<\/div>\n\n\n\n<h2 class=\"has-text-align-left has-text-color wp-block-heading\" style=\"color:#006d40\"> <img decoding=\"async\" loading=\"lazy\" width=\"9\" height=\"8\" class=\"wp-image-291\" style=\"width: 9px;\" src=\"https:\/\/virtual.unne.edu.ar\/SIED-UV\/wp-content\/uploads\/2021\/12\/listas-01.png\" alt=\"lista-verde-universidad\">  Gabinetes psicopedag\u00f3gicos <\/h2>\n\n\n\n<p>Los gabinetes psicopedag\u00f3gicos son espacios institucionales de acompa\u00f1amiento y asesoramiento tanto para estudiantes como para docentes. Sus funciones espec\u00edficas son asesorar y orientar a todos los actores institucionales contribuyendo a la mejora de la calidad educativa Integral de la facultad. Generalmente es un equipo profesional constituido por profesionales de la salud y la educaci\u00f3n.<br>No todas las facultades\/instituciones cuentan con gabinetes pero s\u00ed con espacios que persiguen finalidades parecidas de acompa\u00f1amiento, te recomendamos que preguntes en tu facultad porque depender\u00e1 de cada unidad acad\u00e9mica.<\/p>\n\n\n\n<div class=\"wp-block-columns is-layout-flex wp-container-9 wp-block-columns-is-layout-flex\">\n<div class=\"wp-block-column is-vertically-aligned-center is-layout-flow wp-block-column-is-layout-flow\" style=\"flex-basis:20%\">\n<div class=\"wp-block-image\"><figure class=\"alignright size-full is-resized\"><img decoding=\"async\" loading=\"lazy\" src=\"https:\/\/virtual.unne.edu.ar\/SIED-UV\/wp-content\/uploads\/2021\/12\/guardar-instagram.png\" alt=\"icono-recomendacion\" class=\"wp-image-305\" width=\"62\" height=\"62\" srcset=\"https:\/\/virtual.unne.edu.ar\/SIED-UV\/wp-content\/uploads\/2021\/12\/guardar-instagram.png 512w, https:\/\/virtual.unne.edu.ar\/SIED-UV\/wp-content\/uploads\/2021\/12\/guardar-instagram-300x300.png 300w, https:\/\/virtual.unne.edu.ar\/SIED-UV\/wp-content\/uploads\/2021\/12\/guardar-instagram-150x150.png 150w\" sizes=\"(max-width: 62px) 100vw, 62px\" \/><\/figure><\/div>\n<\/div>\n\n\n\n<div class=\"wp-block-column is-vertically-aligned-top is-layout-flow wp-block-column-is-layout-flow\" style=\"flex-basis:80%\">\n<hr class=\"wp-block-separator has-text-color has-background is-style-wide\" style=\"background-color:#c0c0c0;color:#c0c0c0\"\/>\n\n\n\n<p class=\"has-text-color has-normal-font-size\" style=\"color:#0a704f\">No todas las facultades\/instituciones cuentan con gabinetes pero s\u00ed con espacios que persiguen finalidades parecidas de acompa\u00f1amiento, te recomendamos que preguntes en tu facultad porque depender\u00e1 de cada unidad acad\u00e9mica. <\/p>\n<\/div>\n<\/div>\n\n\n\n<div class=\"wp-block-columns is-layout-flex wp-container-12 wp-block-columns-is-layout-flex\">\n<div class=\"wp-block-column is-layout-flow wp-block-column-is-layout-flow\" style=\"flex-basis:20%\">\n<div class=\"wp-block-image\"><figure class=\"alignright size-full is-resized\"><img decoding=\"async\" loading=\"lazy\" src=\"https:\/\/virtual.unne.edu.ar\/SIED-UV\/wp-content\/uploads\/2021\/12\/hacer-clic.png\" alt=\"VISITAR SITIO\" class=\"wp-image-299\" width=\"92\" height=\"92\" srcset=\"https:\/\/virtual.unne.edu.ar\/SIED-UV\/wp-content\/uploads\/2021\/12\/hacer-clic.png 512w, https:\/\/virtual.unne.edu.ar\/SIED-UV\/wp-content\/uploads\/2021\/12\/hacer-clic-300x300.png 300w, https:\/\/virtual.unne.edu.ar\/SIED-UV\/wp-content\/uploads\/2021\/12\/hacer-clic-150x150.png 150w\" sizes=\"(max-width: 92px) 100vw, 92px\" \/><\/figure><\/div>\n<\/div>\n\n\n\n<div class=\"wp-block-column is-vertically-aligned-center is-layout-flow wp-block-column-is-layout-flow\" style=\"flex-basis:80%\">\n<hr class=\"wp-block-separator has-text-color has-background is-style-wide\" style=\"background-color:#008f34;color:#008f34\"\/>\n\n\n\n<p><a href=\"http:\/\/www.dch.unne.edu.ar\/index.php\/gabinete\" target=\"_blank\" rel=\"noreferrer noopener\">Facultad de Derecho<br><\/a><a href=\"https:\/\/exa.unne.edu.ar\/r\/?page_id=22565\" target=\"_blank\" rel=\"noreferrer noopener\">Facultad de Ciencias Exactas y Naturales y Agrimensura<\/a><\/p>\n\n\n\n<hr class=\"wp-block-separator has-text-color has-background is-style-wide\" style=\"background-color:#0a704f;color:#0a704f\"\/>\n<\/div>\n<\/div>\n\n\n\n<h2 class=\"has-text-align-left has-text-color wp-block-heading\" style=\"color:#006d40\"> <img decoding=\"async\" loading=\"lazy\" width=\"9\" height=\"8\" class=\"wp-image-291\" style=\"width: 9px;\" src=\"https:\/\/virtual.unne.edu.ar\/SIED-UV\/wp-content\/uploads\/2021\/12\/listas-01.png\" alt=\"lista-verde-universidad\">  Tutor\u00edas por disciplina <\/h2>\n\n\n\n<div class=\"wp-block-columns is-layout-flex wp-container-15 wp-block-columns-is-layout-flex\">\n<div class=\"wp-block-column is-layout-flow wp-block-column-is-layout-flow\" style=\"flex-basis:66.66%\">\n<p>El sistema de tutor\u00edas universitarias, se constituye como una herramienta de apoyo y de orientaci\u00f3n destinada a los estudiantes con la finalidad de asistirlos para mejorar el rendimiento en sus estudios y orientarlos para solucionar las dificultades que se le presentan en el trayecto acad\u00e9mico.<br>Su finalidad entonces es de asistencia a los estudiantes en los procesos de aprendizaje para poder mejorar su rendimiento acad\u00e9mico. <\/p>\n\n\n\n<p>Las tutor\u00edas dependen tambi\u00e9n de cada unidad acad\u00e9mica y de cada c\u00e1tedra\/materia<strong> te alentamos que averig\u00fces dentro de tu facultad cu\u00e1les son estos espacios.<\/strong><\/p>\n<\/div>\n\n\n\n<div class=\"wp-block-column is-layout-flow wp-block-column-is-layout-flow\" style=\"flex-basis:33.33%\">\n<div class=\"wp-block-image\"><figure class=\"alignleft size-full\"><img decoding=\"async\" loading=\"lazy\" width=\"157\" height=\"318\" src=\"https:\/\/virtual.unne.edu.ar\/SIED-UV\/wp-content\/uploads\/2021\/12\/0-1-introduccion-y-manos-30.png\" alt=\"\" class=\"wp-image-323\" srcset=\"https:\/\/virtual.unne.edu.ar\/SIED-UV\/wp-content\/uploads\/2021\/12\/0-1-introduccion-y-manos-30.png 157w, https:\/\/virtual.unne.edu.ar\/SIED-UV\/wp-content\/uploads\/2021\/12\/0-1-introduccion-y-manos-30-148x300.png 148w\" sizes=\"(max-width: 157px) 100vw, 157px\" \/><\/figure><\/div>\n<\/div>\n<\/div>\n\n\n\n<p><\/p>\n","protected":false},"excerpt":{"rendered":"<p>Orientaci\u00f3n Vocacional Ocupacional Tiene como objetivo ayudarte a transitar el dif\u00edcil camino de elegir una carrera y ayudarte a prevenir la disconformidad en este proceso. A la vez este proceso es \u00fatil para que te conozcas mejor y puedas descubrir y\/o preguntarte por tus intereses vocacionales con el objetivo de identificar campos, carreras y proyectos [&hellip;]<\/p>\n","protected":false},"featured_media":0,"parent":0,"template":"","categorias_uv_guias":[16,32],"acf":[],"_links":{"self":[{"href":"https:\/\/virtual.unne.edu.ar\/SIED-UV\/wp-json\/wp\/v2\/uv_guias\/319"}],"collection":[{"href":"https:\/\/virtual.unne.edu.ar\/SIED-UV\/wp-json\/wp\/v2\/uv_guias"}],"about":[{"href":"https:\/\/virtual.unne.edu.ar\/SIED-UV\/wp-json\/wp\/v2\/types\/uv_guias"}],"wp:attachment":[{"href":"https:\/\/virtual.unne.edu.ar\/SIED-UV\/wp-json\/wp\/v2\/media?parent=319"}],"wp:term":[{"taxonomy":"categorias_uv_guias","embeddable":true,"href":"https:\/\/virtual.unne.edu.ar\/SIED-UV\/wp-json\/wp\/v2\/categorias_uv_guias?post=319"}],"curies":[{"name":"wp","href":"https:\/\/api.w.org\/{rel}","templated":true}]}}

Apoyo Académico y Acompañamiento Psicopedagógico

<h2 class="has-text-color wp-block-heading" style="color:#006d40"> <img decoding="async" loading="lazy" width="9" height="8" class="wp-image-291" style="width: 9px;" src="https://virtual.unne.edu.ar/SIED-UV/wp-content/uploads/2021/12/listas-01.png" alt="lista-verde-universidad">  Orientación Vocacional Ocupacional</h2>



<p>Tiene como objetivo ayudarte a transitar el difícil camino de elegir una carrera y ayudarte a prevenir la disconformidad en este proceso. </p>



<p> A la vez este proceso es útil para que te conozcas mejor y puedas descubrir y/o preguntarte por tus intereses vocacionales con el objetivo de identificar campos, carreras y proyectos que puedan alinearse y coincidir con tus objetivos.  </p>



<p>Esta tarea depende del Departamento de Orientación Vocacional Ocupacional con dos sedes, una en la ciudad de Corrientes y otra en Resistencia.</p>



<div class="wp-block-columns is-layout-flex wp-container-3 wp-block-columns-is-layout-flex">
<div class="wp-block-column is-layout-flow wp-block-column-is-layout-flow" style="flex-basis:20%">
<div class="wp-block-image"><figure class="alignright size-full is-resized"><img decoding="async" loading="lazy" src="https://virtual.unne.edu.ar/SIED-UV/wp-content/uploads/2021/12/guardar-instagram.png" alt="icono-recomendacion" class="wp-image-305" width="62" height="62" srcset="https://virtual.unne.edu.ar/SIED-UV/wp-content/uploads/2021/12/guardar-instagram.png 512w, https://virtual.unne.edu.ar/SIED-UV/wp-content/uploads/2021/12/guardar-instagram-300x300.png 300w, https://virtual.unne.edu.ar/SIED-UV/wp-content/uploads/2021/12/guardar-instagram-150x150.png 150w" sizes="(max-width: 62px) 100vw, 62px" /></figure></div>
</div>



<div class="wp-block-column is-vertically-aligned-top is-layout-flow wp-block-column-is-layout-flow" style="flex-basis:80%">
<hr class="wp-block-separator has-text-color has-background is-style-wide" style="background-color:#c0c0c0;color:#c0c0c0"/>



<p class="has-text-color has-normal-font-size" style="color:#0a704f">También podés recurrir a orientación vocacional en el caso de tener inquietudes con la carrera que estás cursando.</p>
</div>
</div>



<div class="wp-block-columns is-layout-flex wp-container-6 wp-block-columns-is-layout-flex">
<div class="wp-block-column is-layout-flow wp-block-column-is-layout-flow" style="flex-basis:20%">
<div class="wp-block-image"><figure class="alignright size-full is-resized"><img decoding="async" loading="lazy" src="https://virtual.unne.edu.ar/SIED-UV/wp-content/uploads/2021/12/hacer-clic.png" alt="VISITAR SITIO" class="wp-image-299" width="92" height="92" srcset="https://virtual.unne.edu.ar/SIED-UV/wp-content/uploads/2021/12/hacer-clic.png 512w, https://virtual.unne.edu.ar/SIED-UV/wp-content/uploads/2021/12/hacer-clic-300x300.png 300w, https://virtual.unne.edu.ar/SIED-UV/wp-content/uploads/2021/12/hacer-clic-150x150.png 150w" sizes="(max-width: 92px) 100vw, 92px" /></figure></div>
</div>



<div class="wp-block-column is-vertically-aligned-center is-layout-flow wp-block-column-is-layout-flow" style="flex-basis:80%">
<hr class="wp-block-separator has-text-color has-background is-style-wide" style="background-color:#008f34;color:#008f34"/>



<p><a href="https://www.unne.edu.ar/index.php?option=com_k2&amp;view=item&amp;layout=item&amp;id=115&amp;Itemid=507&amp;lang=es" target="_blank" rel="noreferrer noopener">Orientación vocacional</a></p>



<hr class="wp-block-separator has-text-color has-background is-style-wide" style="background-color:#0a704f;color:#0a704f"/>
</div>
</div>



<h2 class="has-text-align-left has-text-color wp-block-heading" style="color:#006d40"> <img decoding="async" loading="lazy" width="9" height="8" class="wp-image-291" style="width: 9px;" src="https://virtual.unne.edu.ar/SIED-UV/wp-content/uploads/2021/12/listas-01.png" alt="lista-verde-universidad">  Gabinetes psicopedagógicos </h2>



<p>Los gabinetes psicopedagógicos son espacios institucionales de acompañamiento y asesoramiento tanto para estudiantes como para docentes. Sus funciones específicas son asesorar y orientar a todos los actores institucionales contribuyendo a la mejora de la calidad educativa Integral de la facultad. Generalmente es un equipo profesional constituido por profesionales de la salud y la educación.<br>No todas las facultades/instituciones cuentan con gabinetes pero sí con espacios que persiguen finalidades parecidas de acompañamiento, te recomendamos que preguntes en tu facultad porque dependerá de cada unidad académica.</p>



<div class="wp-block-columns is-layout-flex wp-container-9 wp-block-columns-is-layout-flex">
<div class="wp-block-column is-vertically-aligned-center is-layout-flow wp-block-column-is-layout-flow" style="flex-basis:20%">
<div class="wp-block-image"><figure class="alignright size-full is-resized"><img decoding="async" loading="lazy" src="https://virtual.unne.edu.ar/SIED-UV/wp-content/uploads/2021/12/guardar-instagram.png" alt="icono-recomendacion" class="wp-image-305" width="62" height="62" srcset="https://virtual.unne.edu.ar/SIED-UV/wp-content/uploads/2021/12/guardar-instagram.png 512w, https://virtual.unne.edu.ar/SIED-UV/wp-content/uploads/2021/12/guardar-instagram-300x300.png 300w, https://virtual.unne.edu.ar/SIED-UV/wp-content/uploads/2021/12/guardar-instagram-150x150.png 150w" sizes="(max-width: 62px) 100vw, 62px" /></figure></div>
</div>



<div class="wp-block-column is-vertically-aligned-top is-layout-flow wp-block-column-is-layout-flow" style="flex-basis:80%">
<hr class="wp-block-separator has-text-color has-background is-style-wide" style="background-color:#c0c0c0;color:#c0c0c0"/>



<p class="has-text-color has-normal-font-size" style="color:#0a704f">No todas las facultades/instituciones cuentan con gabinetes pero sí con espacios que persiguen finalidades parecidas de acompañamiento, te recomendamos que preguntes en tu facultad porque dependerá de cada unidad académica. </p>
</div>
</div>



<div class="wp-block-columns is-layout-flex wp-container-12 wp-block-columns-is-layout-flex">
<div class="wp-block-column is-layout-flow wp-block-column-is-layout-flow" style="flex-basis:20%">
<div class="wp-block-image"><figure class="alignright size-full is-resized"><img decoding="async" loading="lazy" src="https://virtual.unne.edu.ar/SIED-UV/wp-content/uploads/2021/12/hacer-clic.png" alt="VISITAR SITIO" class="wp-image-299" width="92" height="92" srcset="https://virtual.unne.edu.ar/SIED-UV/wp-content/uploads/2021/12/hacer-clic.png 512w, https://virtual.unne.edu.ar/SIED-UV/wp-content/uploads/2021/12/hacer-clic-300x300.png 300w, https://virtual.unne.edu.ar/SIED-UV/wp-content/uploads/2021/12/hacer-clic-150x150.png 150w" sizes="(max-width: 92px) 100vw, 92px" /></figure></div>
</div>



<div class="wp-block-column is-vertically-aligned-center is-layout-flow wp-block-column-is-layout-flow" style="flex-basis:80%">
<hr class="wp-block-separator has-text-color has-background is-style-wide" style="background-color:#008f34;color:#008f34"/>



<p><a href="http://www.dch.unne.edu.ar/index.php/gabinete" target="_blank" rel="noreferrer noopener">Facultad de Derecho<br></a><a href="https://exa.unne.edu.ar/r/?page_id=22565" target="_blank" rel="noreferrer noopener">Facultad de Ciencias Exactas y Naturales y Agrimensura</a></p>



<hr class="wp-block-separator has-text-color has-background is-style-wide" style="background-color:#0a704f;color:#0a704f"/>
</div>
</div>



<h2 class="has-text-align-left has-text-color wp-block-heading" style="color:#006d40"> <img decoding="async" loading="lazy" width="9" height="8" class="wp-image-291" style="width: 9px;" src="https://virtual.unne.edu.ar/SIED-UV/wp-content/uploads/2021/12/listas-01.png" alt="lista-verde-universidad">  Tutorías por disciplina </h2>



<div class="wp-block-columns is-layout-flex wp-container-15 wp-block-columns-is-layout-flex">
<div class="wp-block-column is-layout-flow wp-block-column-is-layout-flow" style="flex-basis:66.66%">
<p>El sistema de tutorías universitarias, se constituye como una herramienta de apoyo y de orientación destinada a los estudiantes con la finalidad de asistirlos para mejorar el rendimiento en sus estudios y orientarlos para solucionar las dificultades que se le presentan en el trayecto académico.<br>Su finalidad entonces es de asistencia a los estudiantes en los procesos de aprendizaje para poder mejorar su rendimiento académico. </p>



<p>Las tutorías dependen también de cada unidad académica y de cada cátedra/materia<strong> te alentamos que averigües dentro de tu facultad cuáles son estos espacios.</strong></p>
</div>



<div class="wp-block-column is-layout-flow wp-block-column-is-layout-flow" style="flex-basis:33.33%">
<div class="wp-block-image"><figure class="alignleft size-full"><img decoding="async" loading="lazy" width="157" height="318" src="https://virtual.unne.edu.ar/SIED-UV/wp-content/uploads/2021/12/0-1-introduccion-y-manos-30.png" alt="" class="wp-image-323" srcset="https://virtual.unne.edu.ar/SIED-UV/wp-content/uploads/2021/12/0-1-introduccion-y-manos-30.png 157w, https://virtual.unne.edu.ar/SIED-UV/wp-content/uploads/2021/12/0-1-introduccion-y-manos-30-148x300.png 148w" sizes="(max-width: 157px) 100vw, 157px" /></figure></div>
</div>
</div>



<p></p>

<p>Orientación Vocacional Ocupacional Tiene como objetivo ayudarte a transitar el difícil camino de elegir una carrera y ayudarte a prevenir la disconformidad en este proceso. A la vez este proceso es útil para que te conozcas mejor y puedas descubrir y/o preguntarte por tus intereses vocacionales con el objetivo de identificar campos, carreras y proyectos [&hellip;]</p>
