{"id":324,"date":"2021-12-17T08:48:45","date_gmt":"2021-12-17T11:48:45","guid":{"rendered":"https:\/\/virtual.unne.edu.ar\/SIED-UV\/?post_type=uv_guias&#038;p=324"},"modified":"2021-12-17T08:51:17","modified_gmt":"2021-12-17T11:51:17","slug":"programas-de-inclusion","status":"publish","type":"uv_guias","link":"https:\/\/virtual.unne.edu.ar\/SIED-UV\/uv_guias\/programas-de-inclusion\/","title":{"rendered":"Programas de Inclusi\u00f3n"},"content":{"rendered":"\n<p>La universidad desarrolla varios programas de inclusi\u00f3n que <strong>protegen los derechos de cada actor de la instituci\u00f3n<\/strong>, incluyendo puentes para transitar del nivel secundario al universitario.<br>Todos ellos muy profundos e indispensables para visualizar las necesidades de la totalidad de la comunidad acad\u00e9mica, nos invita a involucrarnos y colaborar, siendo algunos de ellos pioneros en nuestro pa\u00eds:<\/p>\n\n\n\n<p><strong><em>Para conocer lo que cada uno propone, te invitamos a recorrer los sitios oficiales:<\/em><\/strong><\/p>\n\n\n\n<div class=\"wp-block-columns is-layout-flex wp-container-3 wp-block-columns-is-layout-flex\">\n<div class=\"wp-block-column is-layout-flow wp-block-column-is-layout-flow\" style=\"flex-basis:20%\">\n<div class=\"wp-block-image\"><figure class=\"alignright size-full is-resized\"><img decoding=\"async\" loading=\"lazy\" src=\"https:\/\/virtual.unne.edu.ar\/SIED-UV\/wp-content\/uploads\/2021\/12\/hacer-clic.png\" alt=\"VISITAR SITIO\" class=\"wp-image-299\" width=\"92\" height=\"92\" srcset=\"https:\/\/virtual.unne.edu.ar\/SIED-UV\/wp-content\/uploads\/2021\/12\/hacer-clic.png 512w, https:\/\/virtual.unne.edu.ar\/SIED-UV\/wp-content\/uploads\/2021\/12\/hacer-clic-300x300.png 300w, https:\/\/virtual.unne.edu.ar\/SIED-UV\/wp-content\/uploads\/2021\/12\/hacer-clic-150x150.png 150w\" sizes=\"(max-width: 92px) 100vw, 92px\" \/><\/figure><\/div>\n<\/div>\n\n\n\n<div class=\"wp-block-column is-vertically-aligned-center is-layout-flow wp-block-column-is-layout-flow\" style=\"flex-basis:80%\">\n<hr class=\"wp-block-separator has-text-color has-background is-style-wide\" style=\"background-color:#008f34;color:#008f34\"\/>\n\n\n\n<p><a rel=\"noreferrer noopener\" href=\"https:\/\/www.unne.edu.ar\/index.php?option=com_k2&amp;view=item&amp;layout=item&amp;id=105&amp;Itemid=505&amp;lang=es\" target=\"_blank\">Programa UNNE Inclusiva <\/a><br><a rel=\"noreferrer noopener\" href=\"https:\/\/www.unne.edu.ar\/index.php?option=com_k2&amp;view=item&amp;layout=item&amp;id=71&amp;Itemid=355&amp;lang=es\" target=\"_blank\">Programa Pueblos Ind\u00edgenas<\/a> <br><a rel=\"noreferrer noopener\" href=\"https:\/\/www.unne.edu.ar\/index.php?option=com_k2&amp;view=item&amp;id=86:programa-la-universidad-del-sol&amp;Itemid=354&amp;lang=es\" target=\"_blank\">Programa La Universidad del Sol<\/a> <br><a rel=\"noreferrer noopener\" href=\"https:\/\/www.unne.edu.ar\/index.php?option=com_k2&amp;view=item&amp;layout=item&amp;id=87&amp;Itemid=490&amp;lang=es\" target=\"_blank\">Articulaci\u00f3n con otros Niveles Educativos<\/a> <br><a rel=\"noreferrer noopener\" href=\"https:\/\/www.unne.edu.ar\/index.php?option=com_k2&amp;view=item&amp;layout=item&amp;id=238&amp;Itemid=571&amp;lang=es\" target=\"_blank\">Programa Nexos <\/a><br><a rel=\"noreferrer noopener\" href=\"https:\/\/www.unne.edu.ar\/index.php?option=com_k2&amp;view=item&amp;id=263&amp;Itemid=101&amp;lang=es\" target=\"_blank\">UNNE Sin Violencia. Protocolo de actuaci\u00f3n en situaciones de discriminaci\u00f3n y<br>violencia de g\u00e9nero u orientaci\u00f3n sexual<\/a> <\/p>\n\n\n\n<hr class=\"wp-block-separator has-text-color has-background is-style-wide\" style=\"background-color:#0a704f;color:#0a704f\"\/>\n<\/div>\n<\/div>\n\n\n\n<div class=\"wp-block-columns is-layout-flex wp-container-6 wp-block-columns-is-layout-flex\">\n<div class=\"wp-block-column is-layout-flow wp-block-column-is-layout-flow\" style=\"flex-basis:20%\">\n<div class=\"wp-block-image\"><figure class=\"alignright size-full is-resized\"><img decoding=\"async\" loading=\"lazy\" src=\"https:\/\/virtual.unne.edu.ar\/SIED-UV\/wp-content\/uploads\/2021\/12\/guardar-instagram.png\" alt=\"icono-recomendacion\" class=\"wp-image-305\" width=\"62\" height=\"62\" srcset=\"https:\/\/virtual.unne.edu.ar\/SIED-UV\/wp-content\/uploads\/2021\/12\/guardar-instagram.png 512w, https:\/\/virtual.unne.edu.ar\/SIED-UV\/wp-content\/uploads\/2021\/12\/guardar-instagram-300x300.png 300w, https:\/\/virtual.unne.edu.ar\/SIED-UV\/wp-content\/uploads\/2021\/12\/guardar-instagram-150x150.png 150w\" sizes=\"(max-width: 62px) 100vw, 62px\" \/><\/figure><\/div>\n<\/div>\n\n\n\n<div class=\"wp-block-column is-vertically-aligned-top is-layout-flow wp-block-column-is-layout-flow\" style=\"flex-basis:80%\">\n<hr class=\"wp-block-separator has-text-color has-background is-style-wide\" style=\"background-color:#008f34;color:#008f34\"\/>\n\n\n\n<p class=\"has-text-color\" style=\"color:#006d40\">Explor\u00e1 cada uno de los sitios web que te compartimos para conocer en profundidad las actividades a las que pod\u00e9s acceder si te interesan: encontrar\u00e1s sus caracter\u00edsticas, formas de acceso, cronogramas, sedes y otros datos para comunicarte directamente y hacer tus consultas.<\/p>\n<\/div>\n<\/div>\n\n\n\n<p><\/p>\n","protected":false},"excerpt":{"rendered":"<p>La universidad desarrolla varios programas de inclusi\u00f3n que protegen los derechos de cada actor de la instituci\u00f3n, incluyendo puentes para transitar del nivel secundario al universitario.Todos ellos muy profundos e indispensables para visualizar las necesidades de la totalidad de la comunidad acad\u00e9mica, nos invita a involucrarnos y colaborar, siendo algunos de ellos pioneros en nuestro [&hellip;]<\/p>\n","protected":false},"featured_media":0,"parent":0,"template":"","categorias_uv_guias":[16,32],"acf":[],"_links":{"self":[{"href":"https:\/\/virtual.unne.edu.ar\/SIED-UV\/wp-json\/wp\/v2\/uv_guias\/324"}],"collection":[{"href":"https:\/\/virtual.unne.edu.ar\/SIED-UV\/wp-json\/wp\/v2\/uv_guias"}],"about":[{"href":"https:\/\/virtual.unne.edu.ar\/SIED-UV\/wp-json\/wp\/v2\/types\/uv_guias"}],"wp:attachment":[{"href":"https:\/\/virtual.unne.edu.ar\/SIED-UV\/wp-json\/wp\/v2\/media?parent=324"}],"wp:term":[{"taxonomy":"categorias_uv_guias","embeddable":true,"href":"https:\/\/virtual.unne.edu.ar\/SIED-UV\/wp-json\/wp\/v2\/categorias_uv_guias?post=324"}],"curies":[{"name":"wp","href":"https:\/\/api.w.org\/{rel}","templated":true}]}}

Programas de Inclusión

<p>La universidad desarrolla varios programas de inclusión que <strong>protegen los derechos de cada actor de la institución</strong>, incluyendo puentes para transitar del nivel secundario al universitario.<br>Todos ellos muy profundos e indispensables para visualizar las necesidades de la totalidad de la comunidad académica, nos invita a involucrarnos y colaborar, siendo algunos de ellos pioneros en nuestro país:</p>



<p><strong><em>Para conocer lo que cada uno propone, te invitamos a recorrer los sitios oficiales:</em></strong></p>



<div class="wp-block-columns is-layout-flex wp-container-3 wp-block-columns-is-layout-flex">
<div class="wp-block-column is-layout-flow wp-block-column-is-layout-flow" style="flex-basis:20%">
<div class="wp-block-image"><figure class="alignright size-full is-resized"><img decoding="async" loading="lazy" src="https://virtual.unne.edu.ar/SIED-UV/wp-content/uploads/2021/12/hacer-clic.png" alt="VISITAR SITIO" class="wp-image-299" width="92" height="92" srcset="https://virtual.unne.edu.ar/SIED-UV/wp-content/uploads/2021/12/hacer-clic.png 512w, https://virtual.unne.edu.ar/SIED-UV/wp-content/uploads/2021/12/hacer-clic-300x300.png 300w, https://virtual.unne.edu.ar/SIED-UV/wp-content/uploads/2021/12/hacer-clic-150x150.png 150w" sizes="(max-width: 92px) 100vw, 92px" /></figure></div>
</div>



<div class="wp-block-column is-vertically-aligned-center is-layout-flow wp-block-column-is-layout-flow" style="flex-basis:80%">
<hr class="wp-block-separator has-text-color has-background is-style-wide" style="background-color:#008f34;color:#008f34"/>



<p><a rel="noreferrer noopener" href="https://www.unne.edu.ar/index.php?option=com_k2&amp;view=item&amp;layout=item&amp;id=105&amp;Itemid=505&amp;lang=es" target="_blank">Programa UNNE Inclusiva </a><br><a rel="noreferrer noopener" href="https://www.unne.edu.ar/index.php?option=com_k2&amp;view=item&amp;layout=item&amp;id=71&amp;Itemid=355&amp;lang=es" target="_blank">Programa Pueblos Indígenas</a> <br><a rel="noreferrer noopener" href="https://www.unne.edu.ar/index.php?option=com_k2&amp;view=item&amp;id=86:programa-la-universidad-del-sol&amp;Itemid=354&amp;lang=es" target="_blank">Programa La Universidad del Sol</a> <br><a rel="noreferrer noopener" href="https://www.unne.edu.ar/index.php?option=com_k2&amp;view=item&amp;layout=item&amp;id=87&amp;Itemid=490&amp;lang=es" target="_blank">Articulación con otros Niveles Educativos</a> <br><a rel="noreferrer noopener" href="https://www.unne.edu.ar/index.php?option=com_k2&amp;view=item&amp;layout=item&amp;id=238&amp;Itemid=571&amp;lang=es" target="_blank">Programa Nexos </a><br><a rel="noreferrer noopener" href="https://www.unne.edu.ar/index.php?option=com_k2&amp;view=item&amp;id=263&amp;Itemid=101&amp;lang=es" target="_blank">UNNE Sin Violencia. Protocolo de actuación en situaciones de discriminación y<br>violencia de género u orientación sexual</a> </p>



<hr class="wp-block-separator has-text-color has-background is-style-wide" style="background-color:#0a704f;color:#0a704f"/>
</div>
</div>



<div class="wp-block-columns is-layout-flex wp-container-6 wp-block-columns-is-layout-flex">
<div class="wp-block-column is-layout-flow wp-block-column-is-layout-flow" style="flex-basis:20%">
<div class="wp-block-image"><figure class="alignright size-full is-resized"><img decoding="async" loading="lazy" src="https://virtual.unne.edu.ar/SIED-UV/wp-content/uploads/2021/12/guardar-instagram.png" alt="icono-recomendacion" class="wp-image-305" width="62" height="62" srcset="https://virtual.unne.edu.ar/SIED-UV/wp-content/uploads/2021/12/guardar-instagram.png 512w, https://virtual.unne.edu.ar/SIED-UV/wp-content/uploads/2021/12/guardar-instagram-300x300.png 300w, https://virtual.unne.edu.ar/SIED-UV/wp-content/uploads/2021/12/guardar-instagram-150x150.png 150w" sizes="(max-width: 62px) 100vw, 62px" /></figure></div>
</div>



<div class="wp-block-column is-vertically-aligned-top is-layout-flow wp-block-column-is-layout-flow" style="flex-basis:80%">
<hr class="wp-block-separator has-text-color has-background is-style-wide" style="background-color:#008f34;color:#008f34"/>



<p class="has-text-color" style="color:#006d40">Explorá cada uno de los sitios web que te compartimos para conocer en profundidad las actividades a las que podés acceder si te interesan: encontrarás sus características, formas de acceso, cronogramas, sedes y otros datos para comunicarte directamente y hacer tus consultas.</p>
</div>
</div>



<p></p>

<p>La universidad desarrolla varios programas de inclusión que protegen los derechos de cada actor de la institución, incluyendo puentes para transitar del nivel secundario al universitario.Todos ellos muy profundos e indispensables para visualizar las necesidades de la totalidad de la comunidad académica, nos invita a involucrarnos y colaborar, siendo algunos de ellos pioneros en nuestro [&hellip;]</p>
