{"id":411,"date":"2021-12-27T11:25:26","date_gmt":"2021-12-27T14:25:26","guid":{"rendered":"https:\/\/virtual.unne.edu.ar\/SIED-UV\/?post_type=uv_guias&#038;p=411"},"modified":"2022-03-30T10:24:26","modified_gmt":"2022-03-30T13:24:26","slug":"que-es-el-trabajo-colaborativo-y-por-que-es-tan-util","status":"publish","type":"uv_guias","link":"https:\/\/virtual.unne.edu.ar\/SIED-UV\/uv_guias\/que-es-el-trabajo-colaborativo-y-por-que-es-tan-util\/","title":{"rendered":"Buenos Habitos: trabajo colaborativo"},"content":{"rendered":"\n<h2 class=\"has-text-align-left has-text-color wp-block-heading\" style=\"color:#65b22e\"><strong>\u00bfQu\u00e9 es el trabajo colaborativo y por qu\u00e9 es tan \u00fatil?<\/strong><\/h2>\n\n\n\n<p>El trabajo colaborativo es una t\u00e9cnica did\u00e1ctica que consiste en el trabajo de estudiantes en peque\u00f1os grupos donde, por medio de una variedad de actividades de aprendizaje, pueden juntos mejorar su entendimiento sobre una materia.<\/p>\n\n\n\n<p>Cada integrante del grupo es responsable no solo de su propio aprendizaje si no de <strong>colaborar activamente juntos <\/strong>con el resto de los integrantes para alcanzar el logro de un objetivo. Para que esto sea posible se deben generar estrategias que involucren los esfuerzos de cada uno por medio de una cooperaci\u00f3n continua para alcanzar como resultado el beneficio de todos.<\/p>\n\n\n\n<p>Para poder alcanzar el aprendizaje colaborativo en la educaci\u00f3n virtual es necesario que los grupos de trabajo tengan en claro que su esfuerzo, aporte y colaboraci\u00f3n son beneficiosos para todos.<\/p>\n\n\n\n<div style=\"height:31px\" aria-hidden=\"true\" class=\"wp-block-spacer\"><\/div>\n\n\n\n<h2 class=\"has-text-align-left has-text-color wp-block-heading\" style=\"color:#65b22e\">\u00bfQu\u00e9 promueve y en qu\u00e9 me ayuda?<\/h2>\n\n\n\n<ul><li>El aprendizaje significativo.<\/li><li>Potencia las habilidades de razonamiento y de pensamiento cr\u00edtico.<\/li><li>Estimula la confianza tanto de uno mismo como de los dem\u00e1s.<\/li><li>Desarrolla habilidades de trabajo en equipo.<\/li><li>Fortalece la responsabilidad y el compromiso.<\/li><li>Estimula la reflexi\u00f3n otorgando la capacidad de evaluar las acciones \u00fatiles y<br>cu\u00e1les deben ser modificadas para mejorar su desempe\u00f1o en un futuro.<\/li><\/ul>\n\n\n\n<div style=\"height:12px\" aria-hidden=\"true\" class=\"wp-block-spacer\"><\/div>\n\n\n\n<div class=\"wp-block-columns is-layout-flex wp-container-3 wp-block-columns-is-layout-flex\">\n<div class=\"wp-block-column is-layout-flow wp-block-column-is-layout-flow\">\n<p><strong><em>Elementos que componen el aprendizaje colaborativo:<\/em><\/strong><\/p>\n\n\n\n<ul><li>Cooperaci\u00f3n<\/li><li>Compromiso<\/li><li>Colaboraci\u00f3n<\/li><\/ul>\n\n\n\n<p><strong><em><br><\/em><\/strong><\/p>\n<\/div>\n\n\n\n<div class=\"wp-block-column is-layout-flow wp-block-column-is-layout-flow\">\n<div class=\"wp-block-image\"><figure class=\"aligncenter size-full is-resized\"><img decoding=\"async\" loading=\"lazy\" src=\"https:\/\/virtual.unne.edu.ar\/SIED-UV\/wp-content\/uploads\/2021\/12\/02-100.png\" alt=\"1 - COOPERACI\u00d3N: Apoyarse para construir conocimiento;\n2 - COMPROMISO: Tanto individual como colectivo;\n3 - COMUNICACION: Para el intercambio de ideas y soluci\u00f3n de conflictos.\" class=\"wp-image-413\" width=\"335\" height=\"259\" srcset=\"https:\/\/virtual.unne.edu.ar\/SIED-UV\/wp-content\/uploads\/2021\/12\/02-100.png 664w, https:\/\/virtual.unne.edu.ar\/SIED-UV\/wp-content\/uploads\/2021\/12\/02-100-300x232.png 300w\" sizes=\"(max-width: 335px) 100vw, 335px\" \/><figcaption>Fuente:<a href=\" https:\/\/www.evirtualplus.com\/\"> https:\/\/www.evirtualplus.com\/<\/a><\/figcaption><\/figure><\/div>\n<\/div>\n<\/div>\n\n\n\n<div class=\"wp-block-columns is-layout-flex wp-container-6 wp-block-columns-is-layout-flex\">\n<div class=\"wp-block-column is-vertically-aligned-center is-layout-flow wp-block-column-is-layout-flow\" style=\"flex-basis:20%\">\n<div class=\"wp-block-image\"><figure class=\"alignright size-full is-resized\"><img decoding=\"async\" loading=\"lazy\" src=\"https:\/\/virtual.unne.edu.ar\/SIED-UV\/wp-content\/uploads\/2021\/12\/guardar-instagram.png\" alt=\"icono-recomendacion\" class=\"wp-image-305\" width=\"62\" height=\"62\" srcset=\"https:\/\/virtual.unne.edu.ar\/SIED-UV\/wp-content\/uploads\/2021\/12\/guardar-instagram.png 512w, https:\/\/virtual.unne.edu.ar\/SIED-UV\/wp-content\/uploads\/2021\/12\/guardar-instagram-300x300.png 300w, https:\/\/virtual.unne.edu.ar\/SIED-UV\/wp-content\/uploads\/2021\/12\/guardar-instagram-150x150.png 150w\" sizes=\"(max-width: 62px) 100vw, 62px\" \/><\/figure><\/div>\n<\/div>\n\n\n\n<div class=\"wp-block-column is-vertically-aligned-top is-layout-flow wp-block-column-is-layout-flow\" style=\"flex-basis:80%\">\n<hr class=\"wp-block-separator has-text-color has-background is-style-wide\" style=\"background-color:#c0c0c0;color:#c0c0c0\"\/>\n\n\n\n<p class=\"has-text-color has-normal-font-size\" style=\"color:#0a704f\"><strong><em>TE RECOMENDAMOS: ESTUDIAR EN GRUPO<\/em><\/strong> <\/p>\n\n\n\n<ul class=\"has-text-color\" style=\"color:#0a704f\"><li>Sumate a un grupo de confianza para acompa\u00f1arse y apoyarse mutuamente en el camino.<\/li><li>Formar grupos de estudio te puede ayudar a mantener la motivaci\u00f3n, organizar tus tiempos, comprometerte, esforzate para sostener y respetar el equipo, distribuir y mejorar las tareas. Estos grupos necesitan originar apoyo mutuo para optimizar los procesos y resultados, manteniendo entre todos un buen nivel de compromiso y responsabilidad.<\/li><\/ul>\n<\/div>\n<\/div>\n\n\n\n<div style=\"height:49px\" aria-hidden=\"true\" class=\"wp-block-spacer\"><\/div>\n\n\n\n<h2 class=\"has-text-align-left has-text-color wp-block-heading\" style=\"color:#65b22e\">\u00bfC\u00f3mo se logra un aprendizaje colaborativo?<\/h2>\n\n\n\n<h3 class=\"has-text-align-left has-medium-font-size wp-block-heading\"><strong>Interdependencia positiva.<\/strong><\/h3>\n\n\n\n<p>Los estudiantes deben apoyarse los unos a los otros. <strong>Es necesario que cada integrante se perciba como esencial para el equipo <\/strong>pero a la vez entienda que<strong> los dem\u00e1s integrantes son igual de importantes <\/strong>y necesarios para lograr el objetivo. Es decir, <strong>si alguno falta, todo el equipo falla<\/strong>. Por esta raz\u00f3n para alcanzar el \u00e9xito deben compartir metas y logros y entender el rol fundamental que desempe\u00f1an.<a href=\"https:\/\/virtual.unne.edu.ar\/SIED-UV\/wp-admin\/edit.php?post_type=uv_guias\"><\/a><\/p>\n\n\n\n<div style=\"height:12px\" aria-hidden=\"true\" class=\"wp-block-spacer\"><\/div>\n\n\n\n<h3 class=\"has-text-align-left has-medium-font-size wp-block-heading\"><strong>Habilidades Interpersonales.<\/strong><\/h3>\n\n\n\n<p>Cuando cada estudiante desarrolle habilidades de <strong>empat\u00eda, consenso y confianza <\/strong>en los otros miembros.<\/p>\n\n\n\n<div style=\"height:12px\" aria-hidden=\"true\" class=\"wp-block-spacer\"><\/div>\n\n\n\n<h3 class=\"has-text-align-left has-medium-font-size wp-block-heading\"><strong>Responsabilidad individual y de equipo.<\/strong><\/h3>\n\n\n\n<p>Cada estudiante es responsable de la tarea. Pero todos deben conocer las tareas asignadas a los otros miembros.<\/p>\n\n\n\n<div style=\"height:12px\" aria-hidden=\"true\" class=\"wp-block-spacer\"><\/div>\n\n\n\n<h3 class=\"has-text-align-left has-medium-font-size wp-block-heading\"><strong>Buena interacci\u00f3n.<\/strong><\/h3>\n\n\n\n<p>Cada uno de los integrantes debe mantener una buena relaci\u00f3n de cooperaci\u00f3n con los otros miembros del equipo y estar dispuesto a dar y recibir comentarios o cr\u00edticas constructivas sobre sus aportes.<\/p>\n\n\n\n<div style=\"height:12px\" aria-hidden=\"true\" class=\"wp-block-spacer\"><\/div>\n\n\n\n<h3 class=\"has-text-align-left has-medium-font-size wp-block-heading\"><strong>Evaluaci\u00f3n interna.<\/strong><\/h3>\n\n\n\n<p>Deber\u00e1n evaluar peri\u00f3dicamente sus actividades identificando qu\u00e9 acciones fueron \u00fatiles y cu\u00e1les no, para poder generar los cambios pertinentes para mejorar el trabajo.<\/p>\n\n\n\n<div class=\"wp-block-image\"><figure class=\"aligncenter size-large is-resized\"><img decoding=\"async\" loading=\"lazy\" src=\"https:\/\/virtual.unne.edu.ar\/SIED-UV\/wp-content\/uploads\/2021\/12\/02-102-1024x431.png\" alt=\"Aprobaste? APROBAMOS!\n\" class=\"wp-image-417\" width=\"512\" height=\"216\" srcset=\"https:\/\/virtual.unne.edu.ar\/SIED-UV\/wp-content\/uploads\/2021\/12\/02-102-1024x431.png 1024w, https:\/\/virtual.unne.edu.ar\/SIED-UV\/wp-content\/uploads\/2021\/12\/02-102-300x126.png 300w, https:\/\/virtual.unne.edu.ar\/SIED-UV\/wp-content\/uploads\/2021\/12\/02-102-768x323.png 768w, https:\/\/virtual.unne.edu.ar\/SIED-UV\/wp-content\/uploads\/2021\/12\/02-102.png 1050w\" sizes=\"(max-width: 512px) 100vw, 512px\" \/><\/figure><\/div>\n\n\n\n<div style=\"height:33px\" aria-hidden=\"true\" class=\"wp-block-spacer\"><\/div>\n\n\n\n<div class=\"wp-block-image\"><figure class=\"aligncenter size-large is-resized\"><img decoding=\"async\" loading=\"lazy\" src=\"https:\/\/virtual.unne.edu.ar\/SIED-UV\/wp-content\/uploads\/2021\/12\/02-103-1024x737.png\" alt=\"APRENDIZAJE COLABORATIVO\" class=\"wp-image-418\" width=\"768\" height=\"553\" srcset=\"https:\/\/virtual.unne.edu.ar\/SIED-UV\/wp-content\/uploads\/2021\/12\/02-103-1024x737.png 1024w, https:\/\/virtual.unne.edu.ar\/SIED-UV\/wp-content\/uploads\/2021\/12\/02-103-300x216.png 300w, https:\/\/virtual.unne.edu.ar\/SIED-UV\/wp-content\/uploads\/2021\/12\/02-103-768x553.png 768w, https:\/\/virtual.unne.edu.ar\/SIED-UV\/wp-content\/uploads\/2021\/12\/02-103.png 1185w\" sizes=\"(max-width: 768px) 100vw, 768px\" \/><figcaption>Fuente: Fuente: <a href=\"https:\/\/www.aulaplaneta.com\">https:\/\/www.aulaplaneta.com<\/a><\/figcaption><\/figure><\/div>\n\n\n\n<div style=\"height:21px\" aria-hidden=\"true\" class=\"wp-block-spacer\"><\/div>\n\n\n\n<hr class=\"wp-block-separator has-text-color has-background has-verde-55-d-401-background-color has-verde-55-d-401-color is-style-wide\"\/>\n\n\n\n<h2 class=\"has-text-align-left has-text-color wp-block-heading\" style=\"color:#a30031\"><strong><em>Para resumir<\/em><\/strong><\/h2>\n\n\n\n<p>Se trata de trabajar en equipo para aportar m\u00e1s ideas y distribuir las tareas para que sea menos pesada la actividad, por eso te recomendamos: <br><\/p>\n\n\n\n<ul><li>Leer con atenci\u00f3n el tema, los objetivos o metas que proponen los profesores para aprender y desglosar atentamente \/cuidadosamente las consignas.<\/li><li>Ponerse de acuerdo con el equipo que tarea va a realizar cada uno, el tema que le toca, lo que tiene que resolver o materializar, como va a presentar su producci\u00f3n al grupo, considerando para esta distribuci\u00f3n las habilidades de cada integrante.<\/li><li>Pensar bien los tiempos que le va llevar realizar los trabajos y las fechas de entrega.<\/li><li>Resolver tanto las tareas individuales como grupales concentrados \/ atentos y revisando todo el tiempo si est\u00e1n conforme con el avance.<\/li><li>Coordinar\/consensuar entre todas las partes para completar el trabajo.<\/li><li>Respetar las ideas de todos. Escuch\u00e1ndose y poniendo todas las ganas para que salga bien y todos est\u00e9n conformes con el trabajo.<\/li><\/ul>\n\n\n\n<div style=\"height:38px\" aria-hidden=\"true\" class=\"wp-block-spacer\"><\/div>\n\n\n\n<p><br><\/p>\n\n\n\n<h2 class=\"has-text-align-left has-text-color wp-block-heading\" style=\"color:#65b22e\">\u00bfQu\u00e9 aplicaciones digitales son \u00fatiles para colaborar en forma virtual?<\/h2>\n\n\n\n<p><br><\/p>\n\n\n\n<div class=\"wp-block-columns is-layout-flex wp-container-9 wp-block-columns-is-layout-flex\">\n<div class=\"wp-block-column is-vertically-aligned-top is-layout-flow wp-block-column-is-layout-flow\" style=\"flex-basis:20%\">\n<div class=\"wp-block-image\"><figure class=\"alignright size-full is-resized\"><img decoding=\"async\" loading=\"lazy\" src=\"https:\/\/virtual.unne.edu.ar\/SIED-UV\/wp-content\/uploads\/2021\/12\/neurona-1.png\" alt=\"\" class=\"wp-image-391\" width=\"91\" height=\"91\" srcset=\"https:\/\/virtual.unne.edu.ar\/SIED-UV\/wp-content\/uploads\/2021\/12\/neurona-1.png 512w, https:\/\/virtual.unne.edu.ar\/SIED-UV\/wp-content\/uploads\/2021\/12\/neurona-1-300x300.png 300w, https:\/\/virtual.unne.edu.ar\/SIED-UV\/wp-content\/uploads\/2021\/12\/neurona-1-150x150.png 150w\" sizes=\"(max-width: 91px) 100vw, 91px\" \/><\/figure><\/div>\n<\/div>\n\n\n\n<div class=\"wp-block-column is-vertically-aligned-top is-layout-flow wp-block-column-is-layout-flow\" style=\"flex-basis:80%\">\n<hr class=\"wp-block-separator has-text-color has-background is-style-wide\" style=\"background-color:#65b22e;color:#65b22e\"\/>\n\n\n\n<p>Te invitamos a recorrer el RECURSERO TECNOL\u00d3GICO de esta gu\u00eda. <\/p>\n\n\n\n<hr class=\"wp-block-separator has-text-color has-background is-style-wide\" style=\"background-color:#65b22e;color:#65b22e\"\/>\n<\/div>\n<\/div>\n","protected":false},"excerpt":{"rendered":"<p>\u00bfQu\u00e9 es el trabajo colaborativo y por qu\u00e9 es tan \u00fatil? El trabajo colaborativo es una t\u00e9cnica did\u00e1ctica que consiste en el trabajo de estudiantes en peque\u00f1os grupos donde, por medio de una variedad de actividades de aprendizaje, pueden juntos mejorar su entendimiento sobre una materia. Cada integrante del grupo es responsable no solo de [&hellip;]<\/p>\n","protected":false},"featured_media":0,"parent":0,"template":"","categorias_uv_guias":[16,33],"acf":[],"_links":{"self":[{"href":"https:\/\/virtual.unne.edu.ar\/SIED-UV\/wp-json\/wp\/v2\/uv_guias\/411"}],"collection":[{"href":"https:\/\/virtual.unne.edu.ar\/SIED-UV\/wp-json\/wp\/v2\/uv_guias"}],"about":[{"href":"https:\/\/virtual.unne.edu.ar\/SIED-UV\/wp-json\/wp\/v2\/types\/uv_guias"}],"wp:attachment":[{"href":"https:\/\/virtual.unne.edu.ar\/SIED-UV\/wp-json\/wp\/v2\/media?parent=411"}],"wp:term":[{"taxonomy":"categorias_uv_guias","embeddable":true,"href":"https:\/\/virtual.unne.edu.ar\/SIED-UV\/wp-json\/wp\/v2\/categorias_uv_guias?post=411"}],"curies":[{"name":"wp","href":"https:\/\/api.w.org\/{rel}","templated":true}]}}

<h2 class="has-text-align-left has-text-color wp-block-heading" style="color:#65b22e"><strong>¿Qué es el trabajo colaborativo y por qué es tan útil?</strong></h2>



<p>El trabajo colaborativo es una técnica didáctica que consiste en el trabajo de estudiantes en pequeños grupos donde, por medio de una variedad de actividades de aprendizaje, pueden juntos mejorar su entendimiento sobre una materia.</p>



<p>Cada integrante del grupo es responsable no solo de su propio aprendizaje si no de <strong>colaborar activamente juntos </strong>con el resto de los integrantes para alcanzar el logro de un objetivo. Para que esto sea posible se deben generar estrategias que involucren los esfuerzos de cada uno por medio de una cooperación continua para alcanzar como resultado el beneficio de todos.</p>



<p>Para poder alcanzar el aprendizaje colaborativo en la educación virtual es necesario que los grupos de trabajo tengan en claro que su esfuerzo, aporte y colaboración son beneficiosos para todos.</p>



<div style="height:31px" aria-hidden="true" class="wp-block-spacer"></div>



<h2 class="has-text-align-left has-text-color wp-block-heading" style="color:#65b22e">¿Qué promueve y en qué me ayuda?</h2>



<ul><li>El aprendizaje significativo.</li><li>Potencia las habilidades de razonamiento y de pensamiento crítico.</li><li>Estimula la confianza tanto de uno mismo como de los demás.</li><li>Desarrolla habilidades de trabajo en equipo.</li><li>Fortalece la responsabilidad y el compromiso.</li><li>Estimula la reflexión otorgando la capacidad de evaluar las acciones útiles y<br>cuáles deben ser modificadas para mejorar su desempeño en un futuro.</li></ul>



<div style="height:12px" aria-hidden="true" class="wp-block-spacer"></div>



<div class="wp-block-columns is-layout-flex wp-container-3 wp-block-columns-is-layout-flex">
<div class="wp-block-column is-layout-flow wp-block-column-is-layout-flow">
<p><strong><em>Elementos que componen el aprendizaje colaborativo:</em></strong></p>



<ul><li>Cooperación</li><li>Compromiso</li><li>Colaboración</li></ul>



<p><strong><em><br></em></strong></p>
</div>



<div class="wp-block-column is-layout-flow wp-block-column-is-layout-flow">
<div class="wp-block-image"><figure class="aligncenter size-full is-resized"><img decoding="async" loading="lazy" src="https://virtual.unne.edu.ar/SIED-UV/wp-content/uploads/2021/12/02-100.png" alt="1 - COOPERACIÓN: Apoyarse para construir conocimiento;
2 - COMPROMISO: Tanto individual como colectivo;
3 - COMUNICACION: Para el intercambio de ideas y solución de conflictos." class="wp-image-413" width="335" height="259" srcset="https://virtual.unne.edu.ar/SIED-UV/wp-content/uploads/2021/12/02-100.png 664w, https://virtual.unne.edu.ar/SIED-UV/wp-content/uploads/2021/12/02-100-300x232.png 300w" sizes="(max-width: 335px) 100vw, 335px" /><figcaption>Fuente:<a href=" https://www.evirtualplus.com/"> https://www.evirtualplus.com/</a></figcaption></figure></div>
</div>
</div>



<div class="wp-block-columns is-layout-flex wp-container-6 wp-block-columns-is-layout-flex">
<div class="wp-block-column is-vertically-aligned-center is-layout-flow wp-block-column-is-layout-flow" style="flex-basis:20%">
<div class="wp-block-image"><figure class="alignright size-full is-resized"><img decoding="async" loading="lazy" src="https://virtual.unne.edu.ar/SIED-UV/wp-content/uploads/2021/12/guardar-instagram.png" alt="icono-recomendacion" class="wp-image-305" width="62" height="62" srcset="https://virtual.unne.edu.ar/SIED-UV/wp-content/uploads/2021/12/guardar-instagram.png 512w, https://virtual.unne.edu.ar/SIED-UV/wp-content/uploads/2021/12/guardar-instagram-300x300.png 300w, https://virtual.unne.edu.ar/SIED-UV/wp-content/uploads/2021/12/guardar-instagram-150x150.png 150w" sizes="(max-width: 62px) 100vw, 62px" /></figure></div>
</div>



<div class="wp-block-column is-vertically-aligned-top is-layout-flow wp-block-column-is-layout-flow" style="flex-basis:80%">
<hr class="wp-block-separator has-text-color has-background is-style-wide" style="background-color:#c0c0c0;color:#c0c0c0"/>



<p class="has-text-color has-normal-font-size" style="color:#0a704f"><strong><em>TE RECOMENDAMOS: ESTUDIAR EN GRUPO</em></strong> </p>



<ul class="has-text-color" style="color:#0a704f"><li>Sumate a un grupo de confianza para acompañarse y apoyarse mutuamente en el camino.</li><li>Formar grupos de estudio te puede ayudar a mantener la motivación, organizar tus tiempos, comprometerte, esforzate para sostener y respetar el equipo, distribuir y mejorar las tareas. Estos grupos necesitan originar apoyo mutuo para optimizar los procesos y resultados, manteniendo entre todos un buen nivel de compromiso y responsabilidad.</li></ul>
</div>
</div>



<div style="height:49px" aria-hidden="true" class="wp-block-spacer"></div>



<h2 class="has-text-align-left has-text-color wp-block-heading" style="color:#65b22e">¿Cómo se logra un aprendizaje colaborativo?</h2>



<h3 class="has-text-align-left has-medium-font-size wp-block-heading"><strong>Interdependencia positiva.</strong></h3>



<p>Los estudiantes deben apoyarse los unos a los otros. <strong>Es necesario que cada integrante se perciba como esencial para el equipo </strong>pero a la vez entienda que<strong> los demás integrantes son igual de importantes </strong>y necesarios para lograr el objetivo. Es decir, <strong>si alguno falta, todo el equipo falla</strong>. Por esta razón para alcanzar el éxito deben compartir metas y logros y entender el rol fundamental que desempeñan.<a href="https://virtual.unne.edu.ar/SIED-UV/wp-admin/edit.php?post_type=uv_guias"></a></p>



<div style="height:12px" aria-hidden="true" class="wp-block-spacer"></div>



<h3 class="has-text-align-left has-medium-font-size wp-block-heading"><strong>Habilidades Interpersonales.</strong></h3>



<p>Cuando cada estudiante desarrolle habilidades de <strong>empatía, consenso y confianza </strong>en los otros miembros.</p>



<div style="height:12px" aria-hidden="true" class="wp-block-spacer"></div>



<h3 class="has-text-align-left has-medium-font-size wp-block-heading"><strong>Responsabilidad individual y de equipo.</strong></h3>



<p>Cada estudiante es responsable de la tarea. Pero todos deben conocer las tareas asignadas a los otros miembros.</p>



<div style="height:12px" aria-hidden="true" class="wp-block-spacer"></div>



<h3 class="has-text-align-left has-medium-font-size wp-block-heading"><strong>Buena interacción.</strong></h3>



<p>Cada uno de los integrantes debe mantener una buena relación de cooperación con los otros miembros del equipo y estar dispuesto a dar y recibir comentarios o críticas constructivas sobre sus aportes.</p>



<div style="height:12px" aria-hidden="true" class="wp-block-spacer"></div>



<h3 class="has-text-align-left has-medium-font-size wp-block-heading"><strong>Evaluación interna.</strong></h3>



<p>Deberán evaluar periódicamente sus actividades identificando qué acciones fueron útiles y cuáles no, para poder generar los cambios pertinentes para mejorar el trabajo.</p>



<div class="wp-block-image"><figure class="aligncenter size-large is-resized"><img decoding="async" loading="lazy" src="https://virtual.unne.edu.ar/SIED-UV/wp-content/uploads/2021/12/02-102-1024x431.png" alt="Aprobaste? APROBAMOS!
" class="wp-image-417" width="512" height="216" srcset="https://virtual.unne.edu.ar/SIED-UV/wp-content/uploads/2021/12/02-102-1024x431.png 1024w, https://virtual.unne.edu.ar/SIED-UV/wp-content/uploads/2021/12/02-102-300x126.png 300w, https://virtual.unne.edu.ar/SIED-UV/wp-content/uploads/2021/12/02-102-768x323.png 768w, https://virtual.unne.edu.ar/SIED-UV/wp-content/uploads/2021/12/02-102.png 1050w" sizes="(max-width: 512px) 100vw, 512px" /></figure></div>



<div style="height:33px" aria-hidden="true" class="wp-block-spacer"></div>



<div class="wp-block-image"><figure class="aligncenter size-large is-resized"><img decoding="async" loading="lazy" src="https://virtual.unne.edu.ar/SIED-UV/wp-content/uploads/2021/12/02-103-1024x737.png" alt="APRENDIZAJE COLABORATIVO" class="wp-image-418" width="768" height="553" srcset="https://virtual.unne.edu.ar/SIED-UV/wp-content/uploads/2021/12/02-103-1024x737.png 1024w, https://virtual.unne.edu.ar/SIED-UV/wp-content/uploads/2021/12/02-103-300x216.png 300w, https://virtual.unne.edu.ar/SIED-UV/wp-content/uploads/2021/12/02-103-768x553.png 768w, https://virtual.unne.edu.ar/SIED-UV/wp-content/uploads/2021/12/02-103.png 1185w" sizes="(max-width: 768px) 100vw, 768px" /><figcaption>Fuente: Fuente: <a href="https://www.aulaplaneta.com">https://www.aulaplaneta.com</a></figcaption></figure></div>



<div style="height:21px" aria-hidden="true" class="wp-block-spacer"></div>



<hr class="wp-block-separator has-text-color has-background has-verde-55-d-401-background-color has-verde-55-d-401-color is-style-wide"/>



<h2 class="has-text-align-left has-text-color wp-block-heading" style="color:#a30031"><strong><em>Para resumir</em></strong></h2>



<p>Se trata de trabajar en equipo para aportar más ideas y distribuir las tareas para que sea menos pesada la actividad, por eso te recomendamos: <br></p>



<ul><li>Leer con atención el tema, los objetivos o metas que proponen los profesores para aprender y desglosar atentamente /cuidadosamente las consignas.</li><li>Ponerse de acuerdo con el equipo que tarea va a realizar cada uno, el tema que le toca, lo que tiene que resolver o materializar, como va a presentar su producción al grupo, considerando para esta distribución las habilidades de cada integrante.</li><li>Pensar bien los tiempos que le va llevar realizar los trabajos y las fechas de entrega.</li><li>Resolver tanto las tareas individuales como grupales concentrados / atentos y revisando todo el tiempo si están conforme con el avance.</li><li>Coordinar/consensuar entre todas las partes para completar el trabajo.</li><li>Respetar las ideas de todos. Escuchándose y poniendo todas las ganas para que salga bien y todos estén conformes con el trabajo.</li></ul>



<div style="height:38px" aria-hidden="true" class="wp-block-spacer"></div>



<p><br></p>



<h2 class="has-text-align-left has-text-color wp-block-heading" style="color:#65b22e">¿Qué aplicaciones digitales son útiles para colaborar en forma virtual?</h2>



<p><br></p>



<div class="wp-block-columns is-layout-flex wp-container-9 wp-block-columns-is-layout-flex">
<div class="wp-block-column is-vertically-aligned-top is-layout-flow wp-block-column-is-layout-flow" style="flex-basis:20%">
<div class="wp-block-image"><figure class="alignright size-full is-resized"><img decoding="async" loading="lazy" src="https://virtual.unne.edu.ar/SIED-UV/wp-content/uploads/2021/12/neurona-1.png" alt="" class="wp-image-391" width="91" height="91" srcset="https://virtual.unne.edu.ar/SIED-UV/wp-content/uploads/2021/12/neurona-1.png 512w, https://virtual.unne.edu.ar/SIED-UV/wp-content/uploads/2021/12/neurona-1-300x300.png 300w, https://virtual.unne.edu.ar/SIED-UV/wp-content/uploads/2021/12/neurona-1-150x150.png 150w" sizes="(max-width: 91px) 100vw, 91px" /></figure></div>
</div>



<div class="wp-block-column is-vertically-aligned-top is-layout-flow wp-block-column-is-layout-flow" style="flex-basis:80%">
<hr class="wp-block-separator has-text-color has-background is-style-wide" style="background-color:#65b22e;color:#65b22e"/>



<p>Te invitamos a recorrer el RECURSERO TECNOLÓGICO de esta guía. </p>



<hr class="wp-block-separator has-text-color has-background is-style-wide" style="background-color:#65b22e;color:#65b22e"/>
</div>
</div>

<p>¿Qué es el trabajo colaborativo y por qué es tan útil? El trabajo colaborativo es una técnica didáctica que consiste en el trabajo de estudiantes en pequeños grupos donde, por medio de una variedad de actividades de aprendizaje, pueden juntos mejorar su entendimiento sobre una materia. Cada integrante del grupo es responsable no solo de [&hellip;]</p>
